CRAN Package Check Results for Package ABACUS

Last updated on 2025-04-30 04:49:59 CEST.

Flavor Version Tinstall Tcheck Ttotal Status Flags
r-devel-linux-x86_64-debian-clang 1.0.0 5.36 52.08 57.44 NOTE
r-devel-linux-x86_64-debian-gcc 1.0.0 4.28 36.80 41.08 NOTE
r-devel-linux-x86_64-fedora-clang 1.0.0 81.43 OK
r-devel-linux-x86_64-fedora-gcc 1.0.0 98.73 OK
r-devel-windows-x86_64 1.0.0 8.00 68.00 76.00 OK
r-patched-linux-x86_64 1.0.0 6.07 50.58 56.65 OK
r-release-linux-x86_64 1.0.0 4.92 51.05 55.97 OK
r-release-macos-arm64 1.0.0 36.00 OK
r-release-macos-x86_64 1.0.0 66.00 OK
r-release-windows-x86_64 1.0.0 9.00 69.00 78.00 OK
r-oldrel-macos-arm64 1.0.0 35.00 NOTE
r-oldrel-macos-x86_64 1.0.0 55.00 NOTE
r-oldrel-windows-x86_64 1.0.0 9.00 78.00 87.00 NOTE

Check Details

Version: 1.0.0
Check: CRAN incoming feasibility
Result: NOTE Maintainer: ‘Mintu Nath <dr.m.nath@gmail.com>’ No Authors@R field in DESCRIPTION. Please add one, modifying Authors@R: person(given = "Mintu", family = "Nath", role = c("aut", "cre"), email = "dr.m.nath@gmail.com") as necessary. Flavors: r-devel-linux-x86_64-debian-clang, r-devel-linux-x86_64-debian-gcc

Version: 1.0.0
Check: LazyData
Result: NOTE 'LazyData' is specified without a 'data' directory Flavors: r-oldrel-macos-arm64, r-oldrel-macos-x86_64, r-oldrel-windows-x86_64