CRAN Package Check Results for Package ADMM

Last updated on 2025-04-30 04:49:59 CEST.

Flavor Version Tinstall Tcheck Ttotal Status Flags
r-devel-linux-x86_64-debian-clang 0.3.3 49.47 63.04 112.51 NOTE
r-devel-linux-x86_64-debian-gcc 0.3.3 38.90 46.97 85.87 NOTE
r-devel-linux-x86_64-fedora-clang 0.3.3 185.88 NOTE
r-devel-linux-x86_64-fedora-gcc 0.3.3 197.63 NOTE
r-devel-windows-x86_64 0.3.3 56.00 98.00 154.00 NOTE
r-patched-linux-x86_64 0.3.3 52.88 60.71 113.59 NOTE
r-release-linux-x86_64 0.3.3 54.92 60.97 115.89 NOTE
r-release-macos-arm64 0.3.3 58.00 NOTE
r-release-macos-x86_64 0.3.3 117.00 NOTE
r-release-windows-x86_64 0.3.3 57.00 100.00 157.00 NOTE
r-oldrel-macos-arm64 0.3.3 50.00 NOTE
r-oldrel-macos-x86_64 0.3.3 69.00 NOTE
r-oldrel-windows-x86_64 0.3.3 65.00 133.00 198.00 NOTE

Check Details

Version: 0.3.3
Check: C++ specification
Result: NOTE Specified C++11: please drop specification unless essential Flavors: r-devel-linux-x86_64-debian-clang, r-devel-linux-x86_64-debian-gcc, r-devel-linux-x86_64-fedora-clang, r-devel-linux-x86_64-fedora-gcc, r-devel-windows-x86_64, r-patched-linux-x86_64, r-release-linux-x86_64, r-release-macos-arm64, r-release-macos-x86_64, r-release-windows-x86_64, r-oldrel-macos-arm64, r-oldrel-macos-x86_64, r-oldrel-windows-x86_64

Version: 0.3.3
Check: installed package size
Result: NOTE installed size is 5.8Mb sub-directories of 1Mb or more: libs 5.6Mb Flavors: r-oldrel-macos-arm64, r-oldrel-macos-x86_64