Last updated on 2025-04-30 04:49:59 CEST.
Flavor | Version | Tinstall | Tcheck | Ttotal | Status | Flags |
---|---|---|---|---|---|---|
r-devel-linux-x86_64-debian-clang | 0.1.2 | 4.87 | 49.74 | 54.61 | NOTE | |
r-devel-linux-x86_64-debian-gcc | 0.1.2 | 3.11 | 33.87 | 36.98 | NOTE | |
r-devel-linux-x86_64-fedora-clang | 0.1.2 | 78.20 | OK | |||
r-devel-linux-x86_64-fedora-gcc | 0.1.2 | 74.73 | OK | |||
r-devel-windows-x86_64 | 0.1.2 | 7.00 | 68.00 | 75.00 | OK | |
r-patched-linux-x86_64 | 0.1.2 | 4.75 | 47.51 | 52.26 | OK | |
r-release-linux-x86_64 | 0.1.2 | 4.06 | 47.67 | 51.73 | OK | |
r-release-macos-arm64 | 0.1.2 | 33.00 | OK | |||
r-release-macos-x86_64 | 0.1.2 | 46.00 | OK | |||
r-release-windows-x86_64 | 0.1.2 | 6.00 | 67.00 | 73.00 | OK | |
r-oldrel-macos-arm64 | 0.1.2 | 26.00 | OK | |||
r-oldrel-macos-x86_64 | 0.1.2 | 40.00 | OK | |||
r-oldrel-windows-x86_64 | 0.1.2 | 9.00 | 76.00 | 85.00 | OK |
Version: 0.1.2
Check: CRAN incoming feasibility
Result: NOTE
Maintainer: ‘Hsiao-Ting Huang <nikkihuang309700034@gmail.com>’
No Authors@R field in DESCRIPTION.
Please add one, modifying
Authors@R: person(given = "Hsiao-Ting",
family = "Huang",
role = c("aut", "cre"),
email = "lchen723@nccu.edu.tw")
as necessary.
Flavors: r-devel-linux-x86_64-debian-clang, r-devel-linux-x86_64-debian-gcc
Version: 0.1.2
Check: examples
Result: NOTE
Examples with CPU (user + system) or elapsed time > 5s
user system elapsed
Boosting 6.763 0.215 8.788
Flavor: r-devel-linux-x86_64-debian-clang