Last updated on 2025-04-30 04:49:59 CEST.
Flavor | Version | Tinstall | Tcheck | Ttotal | Status | Flags |
---|---|---|---|---|---|---|
r-devel-linux-x86_64-debian-clang | 2.0 | 29.89 | 98.01 | 127.90 | NOTE | |
r-devel-linux-x86_64-debian-gcc | 2.0 | 18.36 | 89.29 | 107.65 | NOTE | |
r-devel-linux-x86_64-fedora-clang | 2.0 | 323.68 | NOTE | |||
r-devel-linux-x86_64-fedora-gcc | 2.0 | 310.41 | NOTE | |||
r-devel-windows-x86_64 | 2.0 | 28.00 | 182.00 | 210.00 | NOTE | |
r-patched-linux-x86_64 | 2.0 | 26.82 | 92.37 | 119.19 | NOTE | |
r-release-linux-x86_64 | 2.0 | 29.24 | 92.51 | 121.75 | NOTE | |
r-release-macos-arm64 | 2.0 | 77.00 | NOTE | |||
r-release-macos-x86_64 | 2.0 | 131.00 | NOTE | |||
r-release-windows-x86_64 | 2.0 | 28.00 | 182.00 | 210.00 | NOTE | |
r-oldrel-macos-arm64 | 2.0 | 76.00 | NOTE | |||
r-oldrel-macos-x86_64 | 2.0 | 126.00 | NOTE | |||
r-oldrel-windows-x86_64 | 2.0 | 39.00 | 239.00 | 278.00 | NOTE |
Version: 2.0
Check: Rd files
Result: NOTE
checkRd: (-1) getNetworkGridLayout.Rd:6-11: Lost braces
6 | getCoordinatesFromVertexId2<-function(AFMImage, vId) {
| ^
Flavors: r-devel-linux-x86_64-debian-clang, r-devel-linux-x86_64-debian-gcc, r-devel-linux-x86_64-fedora-clang, r-devel-linux-x86_64-fedora-gcc, r-devel-windows-x86_64, r-patched-linux-x86_64, r-release-linux-x86_64, r-release-macos-arm64, r-release-macos-x86_64, r-release-windows-x86_64, r-oldrel-macos-arm64, r-oldrel-macos-x86_64, r-oldrel-windows-x86_64
Version: 2.0
Check: Rd cross-references
Result: NOTE
Found the following Rd file(s) with Rd \link{} targets missing package
anchors:
AFM.Rd: gstat, fractaldim, rgl
AFMFractalDimensionAnalyser-getFractalDimensions.Rd: fractaldim
AFMImageFractalDimensionMethod-class.Rd: fractaldim
AFMImageNetworksAnalysis-class.Rd: igraph
AFMImageVariogramAnalysis-evaluateVariogramModels-method.Rd: gstat
displayHolesIn3D.Rd: rgl
displayIn3D.Rd: rgl
exportToSTL.Rd: rgl
getCircleSpatialPoints.Rd: SpatialPoints
putImagesFromAnalysisOnDisk.Rd: rgl
Please provide package anchors for all Rd \link{} targets not in the
package itself and the base packages.
Flavors: r-devel-linux-x86_64-debian-clang, r-devel-linux-x86_64-debian-gcc, r-devel-windows-x86_64, r-patched-linux-x86_64, r-release-linux-x86_64, r-release-windows-x86_64