Last updated on 2025-04-30 04:49:59 CEST.
Flavor | Version | Tinstall | Tcheck | Ttotal | Status | Flags |
---|---|---|---|---|---|---|
r-devel-linux-x86_64-debian-clang | 0.2.10 | 12.43 | 149.75 | 162.18 | NOTE | |
r-devel-linux-x86_64-debian-gcc | 0.2.10 | 6.36 | 99.89 | 106.25 | NOTE | |
r-devel-linux-x86_64-fedora-clang | 0.2.10 | 267.51 | OK | |||
r-devel-linux-x86_64-fedora-gcc | 0.2.10 | 265.12 | OK | |||
r-devel-windows-x86_64 | 0.2.10 | 13.00 | 200.00 | 213.00 | OK | |
r-patched-linux-x86_64 | 0.2.10 | 13.30 | 141.81 | 155.11 | OK | |
r-release-linux-x86_64 | 0.2.10 | 10.38 | 141.32 | 151.70 | OK | |
r-release-macos-arm64 | 0.2.10 | 82.00 | OK | |||
r-release-macos-x86_64 | 0.2.10 | 172.00 | OK | |||
r-release-windows-x86_64 | 0.2.10 | 13.00 | 206.00 | 219.00 | OK | |
r-oldrel-macos-arm64 | 0.2.10 | 74.00 | OK | |||
r-oldrel-macos-x86_64 | 0.2.10 | 184.00 | OK | |||
r-oldrel-windows-x86_64 | 0.2.10 | 17.00 | 242.00 | 259.00 | OK |
Version: 0.2.10
Check: examples
Result: NOTE
Examples with CPU (user + system) or elapsed time > 5s
user system elapsed
color_ramps 10.095 0.177 13.630
simDynocc 5.446 0.089 6.482
simIDS 5.035 0.123 6.231
simComm 4.727 0.255 6.508
simDynoccSpatial 3.810 0.255 5.085
Flavor: r-devel-linux-x86_64-debian-clang
Version: 0.2.10
Check: examples
Result: NOTE
Examples with CPU (user + system) or elapsed time > 5s
user system elapsed
color_ramps 6.009 0.175 7.006
Flavor: r-devel-linux-x86_64-debian-gcc