CRAN Package Check Results for Package AHSurv

Last updated on 2025-04-30 04:49:59 CEST.

Flavor Version Tinstall Tcheck Ttotal Status Flags
r-devel-linux-x86_64-debian-clang 0.1.0 11.94 91.88 103.82 NOTE
r-devel-linux-x86_64-debian-gcc 0.1.0 8.62 65.89 74.51 NOTE
r-devel-linux-x86_64-fedora-clang 0.1.0 152.57 NOTE
r-devel-linux-x86_64-fedora-gcc 0.1.0 146.33 NOTE
r-devel-windows-x86_64 0.1.0 14.00 106.00 120.00 NOTE
r-patched-linux-x86_64 0.1.0 11.32 85.44 96.76 NOTE
r-release-linux-x86_64 0.1.0 10.20 85.87 96.07 NOTE
r-release-macos-arm64 0.1.0 44.00 NOTE
r-release-macos-x86_64 0.1.0 85.00 NOTE
r-release-windows-x86_64 0.1.0 13.00 103.00 116.00 NOTE
r-oldrel-macos-arm64 0.1.0 41.00 NOTE
r-oldrel-macos-x86_64 0.1.0 67.00 NOTE
r-oldrel-windows-x86_64 0.1.0 17.00 131.00 148.00 NOTE

Check Details

Version: 0.1.0
Check: CRAN incoming feasibility
Result: NOTE Maintainer: ‘Abdisalam Hassan Muse <abdisalam.h.muse@gmail.com>’ No Authors@R field in DESCRIPTION. Please add one, modifying Authors@R: c(person(given = "Authors@R.", family = "c)", role = "aut", comment = "\"aut\", \"ctb\",\"cre\""), person(family = "person)", role = "aut", comment = "\"ctb\""), person(family = "person)", role = "aut", comment = "\"ctb\""), person(given = "person)", family = ")", role = "aut", comment = "\"ctb\""), person(given = c("Abdisalam", "Hassan"), family = "Muse", role = "cre", email = "abdisalam.h.muse@gmail.com")) as necessary. Flavors: r-devel-linux-x86_64-debian-clang, r-devel-linux-x86_64-debian-gcc

Version: 0.1.0
Check: Rd files
Result: NOTE checkRd: (-1) AEHMLE.Rd:42-45: Lost braces 42 | \item{basehaz}{: {baseline hazard structure including baseline | ^ checkRd: (-1) AHMLE.Rd:41-43: Lost braces 41 | \item{basehaz}{: {baseline hazard structure including baseline | ^ Flavors: r-devel-linux-x86_64-debian-clang, r-devel-linux-x86_64-debian-gcc, r-devel-linux-x86_64-fedora-clang, r-devel-linux-x86_64-fedora-gcc, r-devel-windows-x86_64, r-patched-linux-x86_64, r-release-linux-x86_64, r-release-macos-arm64, r-release-macos-x86_64, r-release-windows-x86_64, r-oldrel-macos-arm64, r-oldrel-macos-x86_64, r-oldrel-windows-x86_64