Last updated on 2025-04-30 04:49:59 CEST.
Flavor | Version | Tinstall | Tcheck | Ttotal | Status | Flags |
---|---|---|---|---|---|---|
r-devel-linux-x86_64-debian-clang | 0.5.3 | 10.55 | 361.17 | 371.72 | NOTE | |
r-devel-linux-x86_64-debian-gcc | 0.5.3 | 8.17 | 254.80 | 262.97 | NOTE | |
r-devel-linux-x86_64-fedora-clang | 0.5.3 | 655.29 | OK | |||
r-devel-linux-x86_64-fedora-gcc | 0.5.3 | 745.69 | OK | |||
r-devel-windows-x86_64 | 0.5.3 | 10.00 | 469.00 | 479.00 | OK | |
r-patched-linux-x86_64 | 0.5.3 | 10.40 | 341.94 | 352.34 | OK | |
r-release-linux-x86_64 | 0.5.3 | 9.44 | 341.47 | 350.91 | OK | |
r-release-macos-arm64 | 0.5.3 | 349.00 | OK | |||
r-release-macos-x86_64 | 0.5.3 | 544.00 | OK | |||
r-release-windows-x86_64 | 0.5.3 | 10.00 | 456.00 | 466.00 | OK | |
r-oldrel-macos-arm64 | 0.5.3 | 494.00 | OK | |||
r-oldrel-macos-x86_64 | 0.5.3 | 721.00 | OK | |||
r-oldrel-windows-x86_64 | 0.5.3 | 11.00 | 563.00 | 574.00 | OK |
Version: 0.5.3
Check: examples
Result: NOTE
Examples with CPU (user + system) or elapsed time > 5s
user system elapsed
SAM 7.851 0.400 10.201
show.sam 7.286 0.280 8.896
modeled_dqt 7.149 0.407 8.401
modeled_isf 7.181 0.289 8.758
aniso_SAM 7.281 0.187 8.739
Flavor: r-devel-linux-x86_64-debian-clang
Version: 0.5.3
Check: examples
Result: NOTE
Examples with CPU (user + system) or elapsed time > 5s
user system elapsed
SAM 5.512 0.508 7.685
modeled_dqt 5.036 0.315 7.147
modeled_isf 4.921 0.367 6.712
show.sam 4.986 0.295 6.578
aniso_SAM 4.193 0.182 5.365
Flavor: r-devel-linux-x86_64-debian-gcc