Last updated on 2025-04-30 04:49:59 CEST.
Flavor | Version | Tinstall | Tcheck | Ttotal | Status | Flags |
---|---|---|---|---|---|---|
r-devel-linux-x86_64-debian-clang | 0.1.9 | 4.33 | 60.80 | 65.13 | NOTE | |
r-devel-linux-x86_64-debian-gcc | 0.1.9 | 3.33 | 38.39 | 41.72 | OK | |
r-devel-linux-x86_64-fedora-clang | 0.1.9 | 102.79 | OK | |||
r-devel-linux-x86_64-fedora-gcc | 0.1.9 | 98.40 | OK | |||
r-devel-windows-x86_64 | 0.1.9 | 6.00 | 72.00 | 78.00 | OK | |
r-patched-linux-x86_64 | 0.1.9 | 4.30 | 57.45 | 61.75 | OK | |
r-release-linux-x86_64 | 0.1.9 | 3.86 | 58.00 | 61.86 | OK | |
r-release-macos-arm64 | 0.1.9 | 30.00 | OK | |||
r-release-macos-x86_64 | 0.1.9 | 57.00 | OK | |||
r-release-windows-x86_64 | 0.1.9 | 6.00 | 72.00 | 78.00 | OK | |
r-oldrel-macos-arm64 | 0.1.9 | 28.00 | OK | |||
r-oldrel-macos-x86_64 | 0.1.9 | 55.00 | OK | |||
r-oldrel-windows-x86_64 | 0.1.9 | 7.00 | 91.00 | 98.00 | OK |
Version: 0.1.9
Check: examples
Result: NOTE
Examples with CPU (user + system) or elapsed time > 5s
user system elapsed
ALLSPICE_simulation 4.747 0.056 6.227
get_c_hat 4.609 0.039 5.890
get_pheno_pair 4.596 0.016 5.843
get_beta_hat 4.538 0.067 6.078
get_likelihood_test_stats 4.583 0.017 6.370
get_mle_beta 4.285 0.042 6.081
Flavor: r-devel-linux-x86_64-debian-clang