CRAN Package Check Results for Package AMCTestmakeR

Last updated on 2025-04-30 04:49:59 CEST.

Flavor Version Tinstall Tcheck Ttotal Status Flags
r-devel-linux-x86_64-debian-clang 1.0.0 1.84 23.80 25.64 NOTE
r-devel-linux-x86_64-debian-gcc 1.0.0 1.41 19.21 20.62 NOTE
r-devel-linux-x86_64-fedora-clang 1.0.0 39.69 OK
r-devel-linux-x86_64-fedora-gcc 1.0.0 52.43 OK
r-devel-windows-x86_64 1.0.0 3.00 49.00 52.00 OK
r-patched-linux-x86_64 1.0.0 1.94 21.85 23.79 OK
r-release-linux-x86_64 1.0.0 1.71 22.23 23.94 OK
r-release-macos-arm64 1.0.0 24.00 OK
r-release-macos-x86_64 1.0.0 45.00 OK
r-release-windows-x86_64 1.0.0 3.00 52.00 55.00 OK
r-oldrel-macos-arm64 1.0.0 29.00 NOTE
r-oldrel-macos-x86_64 1.0.0 35.00 NOTE
r-oldrel-windows-x86_64 1.0.0 3.00 51.00 54.00 NOTE

Check Details

Version: 1.0.0
Check: CRAN incoming feasibility
Result: NOTE Maintainer: ‘Nils Myszkowski <nmyszkowski@pace.edu>’ No Authors@R field in DESCRIPTION. Please add one, modifying Authors@R: person(given = "Nils", family = "Myszkowski", role = c("aut", "cre"), email = "nmyszkowski@pace.edu") as necessary. Flavors: r-devel-linux-x86_64-debian-clang, r-devel-linux-x86_64-debian-gcc

Version: 1.0.0
Check: LazyData
Result: NOTE 'LazyData' is specified without a 'data' directory Flavors: r-oldrel-macos-arm64, r-oldrel-macos-x86_64, r-oldrel-windows-x86_64