Last updated on 2025-04-30 04:49:59 CEST.
Flavor | Version | Tinstall | Tcheck | Ttotal | Status | Flags |
---|---|---|---|---|---|---|
r-devel-linux-x86_64-debian-clang | 2.1.1 | 22.35 | 164.82 | 187.17 | NOTE | |
r-devel-linux-x86_64-debian-gcc | 2.1.1 | 14.13 | 109.19 | 123.32 | OK | |
r-devel-linux-x86_64-fedora-clang | 2.1.1 | 295.72 | OK | |||
r-devel-linux-x86_64-fedora-gcc | 2.1.1 | 306.47 | OK | |||
r-devel-windows-x86_64 | 2.1.1 | 23.00 | 183.00 | 206.00 | OK | |
r-patched-linux-x86_64 | 2.1.1 | 24.13 | 154.31 | 178.44 | OK | |
r-release-linux-x86_64 | 2.1.1 | 20.65 | 153.79 | 174.44 | OK | |
r-release-macos-arm64 | 2.1.1 | 79.00 | OK | |||
r-release-macos-x86_64 | 2.1.1 | 199.00 | OK | |||
r-release-windows-x86_64 | 2.1.1 | 23.00 | 181.00 | 204.00 | OK | |
r-oldrel-macos-arm64 | 2.1.1 | 79.00 | OK | |||
r-oldrel-macos-x86_64 | 2.1.1 | 143.00 | OK | |||
r-oldrel-windows-x86_64 | 2.1.1 | 28.00 | 221.00 | 249.00 | OK |
Version: 2.1.1
Check: examples
Result: NOTE
Examples with CPU (user + system) or elapsed time > 5s
user system elapsed
mo_property 4.931 0 6.532
Flavor: r-devel-linux-x86_64-debian-clang