CRAN Package Check Results for Package ANOFA

Last updated on 2025-04-30 04:49:59 CEST.

Flavor Version Tinstall Tcheck Ttotal Status Flags
r-devel-linux-x86_64-debian-clang 0.1.3 4.11 58.32 62.43 NOTE
r-devel-linux-x86_64-debian-gcc 0.1.3 2.97 42.18 45.15 NOTE
r-devel-linux-x86_64-fedora-clang 0.1.3 97.23 NOTE
r-devel-linux-x86_64-fedora-gcc 0.1.3 112.63 NOTE
r-devel-windows-x86_64 0.1.3 8.00 76.00 84.00 NOTE
r-patched-linux-x86_64 0.1.3 3.85 54.64 58.49 NOTE
r-release-linux-x86_64 0.1.3 4.23 54.79 59.02 NOTE
r-release-macos-arm64 0.1.3 41.00 NOTE
r-release-macos-x86_64 0.1.3 74.00 NOTE
r-release-windows-x86_64 0.1.3 7.00 75.00 82.00 NOTE
r-oldrel-macos-arm64 0.1.3 40.00 OK
r-oldrel-macos-x86_64 0.1.3 67.00 OK
r-oldrel-windows-x86_64 0.1.3 8.00 86.00 94.00 OK

Check Details

Version: 0.1.3
Check: DESCRIPTION meta-information
Result: NOTE Missing dependency on R >= 4.1.0 because package code uses the pipe |> or function shorthand \(...) syntax added in R 4.1.0. File(s) using such syntax: ‘ANOFA-contrastFrequencies.R’ ‘ANOFA-emFrequencies.R’ Flavors: r-devel-linux-x86_64-debian-clang, r-devel-linux-x86_64-debian-gcc, r-devel-linux-x86_64-fedora-clang, r-devel-linux-x86_64-fedora-gcc, r-devel-windows-x86_64, r-patched-linux-x86_64, r-release-linux-x86_64, r-release-macos-arm64, r-release-macos-x86_64, r-release-windows-x86_64