Last updated on 2025-04-30 04:49:59 CEST.
Flavor | Version | Tinstall | Tcheck | Ttotal | Status | Flags |
---|---|---|---|---|---|---|
r-devel-linux-x86_64-debian-clang | 0.5 | 11.30 | 108.63 | 119.93 | NOTE | |
r-devel-linux-x86_64-debian-gcc | 0.5 | 7.70 | 79.76 | 87.46 | NOTE | |
r-devel-linux-x86_64-fedora-clang | 0.5 | 179.82 | OK | |||
r-devel-linux-x86_64-fedora-gcc | 0.5 | 189.69 | OK | |||
r-devel-windows-x86_64 | 0.5 | 13.00 | 124.00 | 137.00 | OK | |
r-patched-linux-x86_64 | 0.5 | 12.14 | 101.35 | 113.49 | OK | |
r-release-linux-x86_64 | 0.5 | 10.16 | 101.13 | 111.29 | OK | |
r-release-macos-arm64 | 0.5 | 76.00 | OK | |||
r-release-macos-x86_64 | 0.5 | 134.00 | OK | |||
r-release-windows-x86_64 | 0.5 | 12.00 | 127.00 | 139.00 | OK | |
r-oldrel-macos-arm64 | 0.5 | 57.00 | OK | |||
r-oldrel-macos-x86_64 | 0.5 | 134.00 | OK | |||
r-oldrel-windows-x86_64 | 0.5 | 16.00 | 153.00 | 169.00 | OK |
Version: 0.5
Check: CRAN incoming feasibility
Result: NOTE
Maintainer: ‘Philip Pallmann <p.pallmann@lancaster.ac.uk>’
No Authors@R field in DESCRIPTION.
Please add one, modifying
Authors@R: person(given = "Philip",
family = "Pallmann",
role = c("aut", "cre"),
email = "p.pallmann@lancaster.ac.uk")
as necessary.
Package CITATION file contains call(s) to old-style personList() or
as.personList(). Please use c() on person objects instead.
Package CITATION file contains call(s) to old-style citEntry(). Please
use bibentry() instead.
Flavors: r-devel-linux-x86_64-debian-clang, r-devel-linux-x86_64-debian-gcc