Last updated on 2025-04-30 04:49:59 CEST.
Flavor | Version | Tinstall | Tcheck | Ttotal | Status | Flags |
---|---|---|---|---|---|---|
r-devel-linux-x86_64-debian-clang | 0.1.3 | 8.03 | 142.30 | 150.33 | NOTE | |
r-devel-linux-x86_64-debian-gcc | 0.1.3 | 4.70 | 99.23 | 103.93 | NOTE | |
r-devel-linux-x86_64-fedora-clang | 0.1.3 | 225.77 | NOTE | |||
r-devel-linux-x86_64-fedora-gcc | 0.1.3 | 237.91 | NOTE | |||
r-devel-windows-x86_64 | 0.1.3 | 10.00 | 147.00 | 157.00 | NOTE | |
r-patched-linux-x86_64 | 0.1.3 | 6.78 | 132.15 | 138.93 | NOTE | |
r-release-linux-x86_64 | 0.1.3 | 7.26 | 131.09 | 138.35 | NOTE | |
r-release-macos-arm64 | 0.1.3 | 69.00 | NOTE | |||
r-release-macos-x86_64 | 0.1.3 | 134.00 | NOTE | |||
r-release-windows-x86_64 | 0.1.3 | 10.00 | 146.00 | 156.00 | NOTE | |
r-oldrel-macos-arm64 | 0.1.3 | 81.00 | OK | |||
r-oldrel-macos-x86_64 | 0.1.3 | 159.00 | OK | |||
r-oldrel-windows-x86_64 | 0.1.3 | 12.00 | 194.00 | 206.00 | OK |
Version: 0.1.3
Check: DESCRIPTION meta-information
Result: NOTE
Missing dependency on R >= 4.1.0 because package code uses the pipe
|> or function shorthand \(...) syntax added in R 4.1.0.
File(s) using such syntax:
‘ANOPA-anopa.R’ ‘ANOPA-contrastProportions.R’ ‘ANOPA-convert.R’
‘ANOPA-random.R’
Flavors: r-devel-linux-x86_64-debian-clang, r-devel-linux-x86_64-debian-gcc, r-devel-linux-x86_64-fedora-clang, r-devel-linux-x86_64-fedora-gcc, r-devel-windows-x86_64, r-patched-linux-x86_64, r-release-linux-x86_64, r-release-macos-arm64, r-release-macos-x86_64, r-release-windows-x86_64
Version: 0.1.3
Check: examples
Result: NOTE
Examples with CPU (user + system) or elapsed time > 5s
user system elapsed
anopa_asn_trans1 5.539 0.029 7.109
ArringtonEtAl2002 3.894 0.193 5.555
Flavor: r-devel-linux-x86_64-debian-clang