Last updated on 2025-04-30 04:49:59 CEST.
Flavor | Version | Tinstall | Tcheck | Ttotal | Status | Flags |
---|---|---|---|---|---|---|
r-devel-linux-x86_64-debian-clang | 1.1.1 | 11.22 | 242.97 | 254.19 | NOTE | |
r-devel-linux-x86_64-debian-gcc | 1.1.1 | 7.93 | 131.38 | 139.31 | OK | |
r-devel-linux-x86_64-fedora-clang | 1.1.1 | 407.03 | OK | |||
r-devel-linux-x86_64-fedora-gcc | 1.1.1 | 409.24 | OK | |||
r-devel-windows-x86_64 | 1.1.1 | 13.00 | 224.00 | 237.00 | OK | |
r-patched-linux-x86_64 | 1.1.1 | 12.41 | 226.85 | 239.26 | OK | |
r-release-linux-x86_64 | 1.1.1 | 10.87 | 225.41 | 236.28 | OK | |
r-release-macos-arm64 | 1.1.1 | 85.00 | OK | |||
r-release-macos-x86_64 | 1.1.1 | 221.00 | OK | |||
r-release-windows-x86_64 | 1.1.1 | 13.00 | 225.00 | 238.00 | OK | |
r-oldrel-macos-arm64 | 1.1.1 | 88.00 | OK | |||
r-oldrel-macos-x86_64 | 1.1.1 | 335.00 | OK | |||
r-oldrel-windows-x86_64 | 1.1.1 | 12.00 | 287.00 | 299.00 | OK |
Version: 1.1.1
Check: examples
Result: NOTE
Examples with CPU (user + system) or elapsed time > 5s
user system elapsed
lilliefors 6.687 0.041 8.62
Flavor: r-devel-linux-x86_64-debian-clang