Last updated on 2025-04-30 04:49:59 CEST.
Flavor | Version | Tinstall | Tcheck | Ttotal | Status | Flags |
---|---|---|---|---|---|---|
r-devel-linux-x86_64-debian-clang | 0.1.1 | 1.90 | 19.29 | 21.19 | NOTE | |
r-devel-linux-x86_64-debian-gcc | 0.1.1 | 1.45 | 15.58 | 17.03 | NOTE | |
r-devel-linux-x86_64-fedora-clang | 0.1.1 | 33.12 | OK | |||
r-devel-linux-x86_64-fedora-gcc | 0.1.1 | 32.53 | OK | |||
r-devel-windows-x86_64 | 0.1.1 | 3.00 | 48.00 | 51.00 | OK | |
r-patched-linux-x86_64 | 0.1.1 | 2.02 | 18.47 | 20.49 | OK | |
r-release-linux-x86_64 | 0.1.1 | 1.53 | 18.16 | 19.69 | OK | |
r-release-macos-arm64 | 0.1.1 | 18.00 | OK | |||
r-release-macos-x86_64 | 0.1.1 | 25.00 | OK | |||
r-release-windows-x86_64 | 0.1.1 | 3.00 | 40.00 | 43.00 | OK | |
r-oldrel-macos-arm64 | 0.1.1 | 15.00 | OK | |||
r-oldrel-macos-x86_64 | 0.1.1 | 22.00 | OK | |||
r-oldrel-windows-x86_64 | 0.1.1 | 3.00 | 41.00 | 44.00 | OK |
Version: 0.1.1
Check: CRAN incoming feasibility
Result: NOTE
Maintainer: ‘Eisuke Inoue <eisuke.inoue@marianna-u.ac.jp>’
No Authors@R field in DESCRIPTION.
Please add one, modifying
Authors@R: c(person(given = "Eisuke",
family = "Inoue",
role = c("aut", "cre"),
email = "eisuke.inoue@marianna-u.ac.jp"),
person(given = "Hajime",
family = "Uno",
role = "aut"))
as necessary.
Flavors: r-devel-linux-x86_64-debian-clang, r-devel-linux-x86_64-debian-gcc