Last updated on 2025-04-30 04:49:59 CEST.
Flavor | Version | Tinstall | Tcheck | Ttotal | Status | Flags |
---|---|---|---|---|---|---|
r-devel-linux-x86_64-debian-clang | 6.8.8 | 7.68 | 65.09 | 72.77 | NOTE | |
r-devel-linux-x86_64-debian-gcc | 6.8.8 | 5.42 | 45.05 | 50.47 | NOTE | |
r-devel-linux-x86_64-fedora-clang | 6.8.8 | 113.54 | NOTE | |||
r-devel-linux-x86_64-fedora-gcc | 6.8.8 | 114.90 | NOTE | |||
r-devel-windows-x86_64 | 6.8.8 | 8.00 | 76.00 | 84.00 | OK | |
r-patched-linux-x86_64 | 6.8.8 | 8.16 | 61.10 | 69.26 | NOTE | |
r-release-linux-x86_64 | 6.8.8 | 7.72 | 61.42 | 69.14 | NOTE | |
r-release-macos-arm64 | 6.8.8 | 39.00 | OK | |||
r-release-macos-x86_64 | 6.8.8 | 70.00 | OK | |||
r-release-windows-x86_64 | 6.8.8 | 8.00 | 75.00 | 83.00 | OK | |
r-oldrel-macos-arm64 | 6.8.8 | 32.00 | OK | |||
r-oldrel-macos-x86_64 | 6.8.8 | 44.00 | OK | |||
r-oldrel-windows-x86_64 | 6.8.8 | 11.00 | 88.00 | 99.00 | OK |
Version: 6.8.8
Check: CRAN incoming feasibility
Result: NOTE
Maintainer: ‘Hengrui Cai <hengruicai@gmail.com>’
No Authors@R field in DESCRIPTION.
Please add one, modifying
Authors@R: c(person(given = "Hengrui",
family = "Cai",
role = c("aut", "cre"),
email = "hengruicai@gmail.com"),
person(given = "Yan",
family = "Yuan",
role = "aut",
email = "yyuan@ualberta.ca"),
person(given = c("Qian", "Michelle"),
family = "Zhou",
role = "aut",
email = "qz70@msstate.edu"),
person(given = "Bingying",
family = "Li",
role = "aut",
email = "dorisli1120@gmail.com"))
as necessary.
Flavors: r-devel-linux-x86_64-debian-clang, r-devel-linux-x86_64-debian-gcc
Version: 6.8.8
Check: examples
Result: NOTE
Examples with CPU (user + system) or elapsed time > 5s
user system elapsed
APSurv 4.461 0.123 5.44
Flavor: r-devel-linux-x86_64-debian-clang
Version: 6.8.8
Check: for non-standard things in the check directory
Result: NOTE
Found the following files/directories:
‘APBinary_PPV.csv’ ‘APBinary_TPF.csv’
‘APBinary_ap_summary(method=perturbation,B=1500).csv’
‘APBinary_auc_summary(method=perturbation,B=1500).csv’
‘APSurv_PPV.csv’ ‘APSurv_TPF.csv’
‘APSurv_ap_summary(method=bootstrap,B=500).csv’
‘APSurv_auc_summary(method=bootstrap,B=500).csv’
‘CompareAP_Binary_dap_summary(method=none).csv’
‘CompareAP_Survival_dap_summary(method=bootstrap,B=500).csv’
Flavors: r-devel-linux-x86_64-debian-clang, r-devel-linux-x86_64-debian-gcc, r-devel-linux-x86_64-fedora-clang, r-devel-linux-x86_64-fedora-gcc, r-patched-linux-x86_64, r-release-linux-x86_64