Last updated on 2025-04-30 04:49:59 CEST.
Flavor | Version | Tinstall | Tcheck | Ttotal | Status | Flags |
---|---|---|---|---|---|---|
r-devel-linux-x86_64-debian-clang | 0.6.0 | 16.85 | 111.23 | 128.08 | NOTE | |
r-devel-linux-x86_64-debian-gcc | 0.6.0 | 10.63 | 78.21 | 88.84 | NOTE | |
r-devel-linux-x86_64-fedora-clang | 0.6.0 | 198.22 | OK | |||
r-devel-linux-x86_64-fedora-gcc | 0.6.0 | 192.52 | OK | |||
r-devel-windows-x86_64 | 0.6.0 | 15.00 | 112.00 | 127.00 | OK | |
r-patched-linux-x86_64 | 0.6.0 | 15.88 | 103.81 | 119.69 | OK | |
r-release-linux-x86_64 | 0.6.0 | 15.04 | 103.37 | 118.41 | OK | |
r-release-macos-arm64 | 0.6.0 | 58.00 | OK | |||
r-release-macos-x86_64 | 0.6.0 | 103.00 | OK | |||
r-release-windows-x86_64 | 0.6.0 | 17.00 | 112.00 | 129.00 | OK | |
r-oldrel-macos-arm64 | 0.6.0 | 68.00 | OK | |||
r-oldrel-macos-x86_64 | 0.6.0 | 81.00 | OK | |||
r-oldrel-windows-x86_64 | 0.6.0 | 19.00 | 136.00 | 155.00 | OK |
Version: 0.6.0
Check: examples
Result: NOTE
Examples with CPU (user + system) or elapsed time > 5s
user system elapsed
isolate.signal 6.166 0.267 8.475
Flavor: r-devel-linux-x86_64-debian-clang
Version: 0.6.0
Check: examples
Result: NOTE
Examples with CPU (user + system) or elapsed time > 5s
user system elapsed
isolate.signal 4.62 0.548 5.567
Flavor: r-devel-linux-x86_64-debian-gcc