Last updated on 2025-02-21 03:52:07 CET.
Flavor | Version | Tinstall | Tcheck | Ttotal | Status | Flags |
---|---|---|---|---|---|---|
r-devel-linux-x86_64-debian-clang | 1.0.4 | 9.96 | 106.90 | 116.86 | OK | |
r-devel-linux-x86_64-debian-gcc | 1.0.4 | 6.63 | 72.86 | 79.49 | OK | |
r-devel-linux-x86_64-fedora-clang | 1.0.4 | 193.38 | OK | |||
r-devel-linux-x86_64-fedora-gcc | 1.0.4 | 208.46 | OK | |||
r-devel-macos-arm64 | 1.0.4 | 67.00 | OK | |||
r-devel-macos-x86_64 | 1.0.4 | 126.00 | OK | |||
r-devel-windows-x86_64 | 1.0.4 | 11.00 | 132.00 | 143.00 | OK | |
r-patched-linux-x86_64 | 1.0.4 | 8.85 | 100.41 | 109.26 | OK | |
r-release-linux-x86_64 | 1.0.4 | 9.34 | 100.13 | 109.47 | OK | |
r-release-macos-arm64 | 1.0.4 | 60.00 | OK | |||
r-release-macos-x86_64 | 1.0.4 | 108.00 | OK | |||
r-release-windows-x86_64 | 1.0.4 | 11.00 | 123.00 | 134.00 | OK | |
r-oldrel-macos-arm64 | 1.0.4 | 60.00 | OK | |||
r-oldrel-macos-x86_64 | 1.0.4 | 94.00 | NOTE | |||
r-oldrel-windows-x86_64 | 1.0.4 | 15.00 | 149.00 | 164.00 | OK |
Version: 1.0.4
Check: installed package size
Result: NOTE
installed size is 5.8Mb
sub-directories of 1Mb or more:
data 4.7Mb
Flavor: r-oldrel-macos-x86_64