Last updated on 2025-04-30 04:49:59 CEST.
Flavor | Version | Tinstall | Tcheck | Ttotal | Status | Flags |
---|---|---|---|---|---|---|
r-devel-linux-x86_64-debian-clang | 3.0.1 | 39.95 | 113.57 | 153.52 | NOTE | |
r-devel-linux-x86_64-debian-gcc | 3.0.1 | 26.00 | 79.53 | 105.53 | NOTE | |
r-devel-linux-x86_64-fedora-clang | 3.0.1 | 237.51 | OK | |||
r-devel-linux-x86_64-fedora-gcc | 3.0.1 | 227.58 | OK | |||
r-devel-windows-x86_64 | 3.0.1 | 42.00 | 133.00 | 175.00 | NOTE | |
r-patched-linux-x86_64 | 3.0.1 | 38.53 | 106.27 | 144.80 | NOTE | |
r-release-linux-x86_64 | 3.0.1 | 36.75 | 105.54 | 142.29 | NOTE | |
r-release-macos-arm64 | 3.0.1 | 61.00 | OK | |||
r-release-macos-x86_64 | 3.0.1 | 109.00 | OK | |||
r-release-windows-x86_64 | 3.0.1 | 42.00 | 131.00 | 173.00 | NOTE | |
r-oldrel-macos-arm64 | 3.0.1 | 60.00 | OK | |||
r-oldrel-macos-x86_64 | 3.0.1 | 97.00 | OK | |||
r-oldrel-windows-x86_64 | 3.0.1 | 50.00 | 177.00 | 227.00 | OK |
Version: 3.0.1
Check: CRAN incoming feasibility
Result: NOTE
Maintainer: ‘Fernanda L. Schumacher <fernandalschumacher@gmail.com>’
The Description field contains
innovations. arXiv preprint <arXiv:2110.00224>.
Please refer to arXiv e-prints via their arXiv DOI <doi:10.48550/arXiv.YYMM.NNNNN>.
Flavors: r-devel-linux-x86_64-debian-clang, r-devel-linux-x86_64-debian-gcc
Version: 3.0.1
Check: Rd cross-references
Result: NOTE
Found the following Rd file(s) with Rd \link{} targets missing package
anchors:
plot.InfDiag.Rd: ggplot
plot.Rd: ggplot
plot.residARpCRM.Rd: ggplot
Please provide package anchors for all Rd \link{} targets not in the
package itself and the base packages.
Flavors: r-devel-linux-x86_64-debian-clang, r-devel-linux-x86_64-debian-gcc, r-devel-windows-x86_64, r-patched-linux-x86_64, r-release-linux-x86_64, r-release-windows-x86_64