Last updated on 2025-04-30 04:49:59 CEST.
Flavor | Version | Tinstall | Tcheck | Ttotal | Status | Flags |
---|---|---|---|---|---|---|
r-devel-linux-x86_64-debian-clang | 0.1.2 | 68.35 | 68.25 | 136.60 | NOTE | |
r-devel-linux-x86_64-debian-gcc | 0.1.2 | 56.67 | 49.95 | 106.62 | NOTE | |
r-devel-linux-x86_64-fedora-clang | 0.1.2 | 213.88 | NOTE | |||
r-devel-linux-x86_64-fedora-gcc | 0.1.2 | 243.72 | NOTE | |||
r-devel-windows-x86_64 | 0.1.2 | 71.00 | 104.00 | 175.00 | NOTE | |
r-patched-linux-x86_64 | 0.1.2 | 78.14 | 68.01 | 146.15 | NOTE | |
r-release-linux-x86_64 | 0.1.2 | 76.98 | 67.54 | 144.52 | NOTE | |
r-release-macos-arm64 | 0.1.2 | 64.00 | NOTE | |||
r-release-macos-x86_64 | 0.1.2 | 102.00 | NOTE | |||
r-release-windows-x86_64 | 0.1.2 | 71.00 | 99.00 | 170.00 | NOTE | |
r-oldrel-macos-arm64 | 0.1.2 | 54.00 | NOTE | |||
r-oldrel-macos-x86_64 | 0.1.2 | 79.00 | NOTE | |||
r-oldrel-windows-x86_64 | 0.1.2 | 79.00 | 141.00 | 220.00 | NOTE |
Version: 0.1.2
Check: CRAN incoming feasibility
Result: NOTE
Maintainer: ‘Pulong Ma <mpulong@gmail.com>’
The Description field contains
Andrew T Cox (2019) <arXiv:1909.01836>.
Please refer to arXiv e-prints via their arXiv DOI <doi:10.48550/arXiv.YYMM.NNNNN>.
Flavors: r-devel-linux-x86_64-debian-clang, r-devel-linux-x86_64-debian-gcc
Version: 0.1.2
Check: C++ specification
Result: NOTE
Specified C++11: please drop specification unless essential
Flavors: r-devel-linux-x86_64-debian-clang, r-devel-linux-x86_64-debian-gcc, r-devel-linux-x86_64-fedora-clang, r-devel-linux-x86_64-fedora-gcc, r-devel-windows-x86_64, r-patched-linux-x86_64, r-release-linux-x86_64, r-release-macos-arm64, r-release-macos-x86_64, r-release-windows-x86_64, r-oldrel-macos-arm64, r-oldrel-macos-x86_64, r-oldrel-windows-x86_64
Version: 0.1.2
Check: installed package size
Result: NOTE
installed size is 30.0Mb
sub-directories of 1Mb or more:
libs 29.7Mb
Flavors: r-oldrel-macos-arm64, r-oldrel-macos-x86_64