Last updated on 2025-04-30 04:49:59 CEST.
Flavor | Version | Tinstall | Tcheck | Ttotal | Status | Flags |
---|---|---|---|---|---|---|
r-devel-linux-x86_64-debian-clang | 2.2.1 | 6.99 | 82.02 | 89.01 | OK | |
r-devel-linux-x86_64-debian-gcc | 2.2.2 | 4.69 | 40.49 | 45.18 | OK | |
r-devel-linux-x86_64-fedora-clang | 2.2.2 | 108.75 | OK | |||
r-devel-linux-x86_64-fedora-gcc | 2.2.2 | 111.42 | OK | |||
r-devel-windows-x86_64 | 2.2.2 | 10.00 | 92.00 | 102.00 | OK | |
r-patched-linux-x86_64 | 2.2.1 | 6.05 | 53.68 | 59.73 | ERROR | |
r-release-linux-x86_64 | 2.2.1 | 6.50 | 53.59 | 60.09 | ERROR | |
r-release-macos-arm64 | 2.2.2 | 38.00 | OK | |||
r-release-macos-x86_64 | 2.2.2 | 82.00 | OK | |||
r-release-windows-x86_64 | 2.2.2 | 13.00 | 93.00 | 106.00 | OK | |
r-oldrel-macos-arm64 | 2.2.2 | 41.00 | OK | |||
r-oldrel-macos-x86_64 | 2.2.2 | 82.00 | OK | |||
r-oldrel-windows-x86_64 | 2.2.1 | 10.00 | 203.00 | 213.00 | OK |
Version: 2.2.1
Check: re-building of vignette outputs
Result: ERROR
Error(s) in re-building vignettes:
...
--- re-building ‘introArdeco.Rmd’ using rmarkdown
Quitting from introArdeco.Rmd:272-275 [unnamed-chunk-9]
~~~~~~~~~~~~~~~~~~~~~~~~~~~~~~~~~~~~~~~~~~~~~~~~~~~~~~~~~~~~~~~~~~~~~~~~~~~~~~~~
<error/rlang_error>
Error in `value[[3L]]()`:
! object 'readfileTmp' not found
---
Backtrace:
▆
1. └─ARDECO::ardeco_get_dataset_data("SNPTD")
2. ├─base::suppressWarnings(...)
3. │ └─base::withCallingHandlers(...)
4. └─base::tryCatch(...)
5. └─base (local) tryCatchList(expr, classes, parentenv, handlers)
6. └─base (local) tryCatchOne(expr, names, parentenv, handlers[[1L]])
7. └─value[[3L]](cond)
8. └─base::paste(readfileTmp, conditionMessage(e))
~~~~~~~~~~~~~~~~~~~~~~~~~~~~~~~~~~~~~~~~~~~~~~~~~~~~~~~~~~~~~~~~~~~~~~~~~~~~~~~~
Error: processing vignette 'introArdeco.Rmd' failed with diagnostics:
object 'readfileTmp' not found
--- failed re-building ‘introArdeco.Rmd’
SUMMARY: processing the following file failed:
‘introArdeco.Rmd’
Error: Vignette re-building failed.
Execution halted
Flavors: r-patched-linux-x86_64, r-release-linux-x86_64