CRAN Package Check Results for Package ARpLMEC

Last updated on 2025-04-30 04:49:59 CEST.

Flavor Version Tinstall Tcheck Ttotal Status Flags
r-devel-linux-x86_64-debian-clang 2.4.1 21.59 113.80 135.39 NOTE
r-devel-linux-x86_64-debian-gcc 2.4.1 16.61 81.49 98.10 NOTE
r-devel-linux-x86_64-fedora-clang 2.4.1 224.95 OK
r-devel-linux-x86_64-fedora-gcc 2.4.1 226.01 OK
r-devel-windows-x86_64 2.4.1 19.00 108.00 127.00 OK
r-patched-linux-x86_64 2.4.1 21.83 108.99 130.82 OK
r-release-linux-x86_64 2.4.1 21.56 109.76 131.32 OK
r-release-macos-arm64 2.4.1 107.00 OK
r-release-macos-x86_64 2.4.1 486.00 OK
r-release-windows-x86_64 2.4.1 18.00 109.00 127.00 OK
r-oldrel-macos-arm64 2.4.1 70.00 OK
r-oldrel-macos-x86_64 2.4.1 95.00 OK
r-oldrel-windows-x86_64 2.4.1 22.00 127.00 149.00 OK

Check Details

Version: 2.4.1
Check: CRAN incoming feasibility
Result: NOTE Maintainer: ‘Rommy C. Olivari <rco1@de.ufpe.br>’ No Authors@R field in DESCRIPTION. Please add one, modifying Authors@R: c(person(given = c("Rommy", "C."), family = "Olivari", role = c("aut", "cre"), email = "rco1@de.ufpe.br"), person(given = "Kelin", family = "Zhong", role = "aut"), person(given = c("Aldo", "M."), family = "Garay", role = "aut"), person(given = c("Victor", "H."), family = "Lachos", role = "aut")) as necessary. Flavors: r-devel-linux-x86_64-debian-clang, r-devel-linux-x86_64-debian-gcc