CRAN Package Check Results for Package ASRgenomics

Last updated on 2025-04-30 04:49:59 CEST.

Flavor Version Tinstall Tcheck Ttotal Status Flags
r-devel-linux-x86_64-debian-clang 1.1.4 62.28 180.91 243.19 NOTE
r-devel-linux-x86_64-debian-gcc 1.1.4 37.80 137.01 174.81 NOTE
r-devel-linux-x86_64-fedora-clang 1.1.4 374.70 NOTE
r-devel-linux-x86_64-fedora-gcc 1.1.4 390.44 NOTE
r-devel-windows-x86_64 1.1.4 60.00 173.00 233.00 NOTE
r-patched-linux-x86_64 1.1.4 48.43 175.89 224.32 NOTE
r-release-linux-x86_64 1.1.4 56.32 171.36 227.68 NOTE
r-release-macos-arm64 1.1.4 112.00 NOTE
r-release-macos-x86_64 1.1.4 226.00 OK
r-release-windows-x86_64 1.1.4 58.00 173.00 231.00 NOTE
r-oldrel-macos-arm64 1.1.4 101.00 NOTE
r-oldrel-macos-x86_64 1.1.4 171.00 NOTE
r-oldrel-windows-x86_64 1.1.4 79.00 241.00 320.00 OK

Check Details

Version: 1.1.4
Check: DESCRIPTION meta-information
Result: NOTE Missing dependency on R >= 4.1.0 because package code uses the pipe |> or function shorthand \(...) syntax added in R 4.1.0. File(s) using such syntax: ‘ped.pine.Rd’ ‘ped.salmon.Rd’ ‘pheno.apple.Rd’ ‘pheno.pine.Rd’ ‘pheno.salmon.Rd’ Flavors: r-devel-linux-x86_64-debian-clang, r-devel-linux-x86_64-debian-gcc, r-devel-linux-x86_64-fedora-clang, r-devel-linux-x86_64-fedora-gcc, r-devel-windows-x86_64, r-patched-linux-x86_64, r-release-linux-x86_64, r-release-macos-arm64, r-release-windows-x86_64

Version: 1.1.4
Check: examples
Result: NOTE Examples with CPU (user + system) or elapsed time > 5s user system elapsed geno.salmon 4.446 0.209 5.206 Flavor: r-devel-linux-x86_64-debian-clang

Version: 1.1.4
Check: examples
Result: NOTE Examples with CPU (user + system) or elapsed time > 5s user system elapsed geno.salmon 4.256 0.092 5.394 Flavor: r-devel-linux-x86_64-debian-gcc

Version: 1.1.4
Check: installed package size
Result: NOTE installed size is 5.8Mb sub-directories of 1Mb or more: data 5.4Mb Flavors: r-oldrel-macos-arm64, r-oldrel-macos-x86_64