Last updated on 2025-04-30 04:49:59 CEST.
Flavor | Version | Tinstall | Tcheck | Ttotal | Status | Flags |
---|---|---|---|---|---|---|
r-devel-linux-x86_64-debian-clang | 0.0.60 | 50.53 | 164.55 | 215.08 | NOTE | |
r-devel-linux-x86_64-debian-gcc | 0.0.60 | 33.75 | 110.90 | 144.65 | NOTE | |
r-devel-linux-x86_64-fedora-clang | 0.0.60 | 329.24 | OK | |||
r-devel-linux-x86_64-fedora-gcc | 0.0.60 | 327.62 | OK | |||
r-devel-windows-x86_64 | 0.0.60 | 50.00 | 180.00 | 230.00 | NOTE | |
r-patched-linux-x86_64 | 0.0.60 | 48.71 | 147.69 | 196.40 | NOTE | |
r-release-linux-x86_64 | 0.0.60 | 40.58 | 149.05 | 189.63 | NOTE | |
r-release-macos-arm64 | 0.0.60 | 72.00 | OK | |||
r-release-macos-x86_64 | 0.0.60 | 175.00 | OK | |||
r-release-windows-x86_64 | 0.0.60 | 49.00 | 177.00 | 226.00 | NOTE | |
r-oldrel-macos-arm64 | 0.0.60 | 74.00 | OK | |||
r-oldrel-macos-x86_64 | 0.0.60 | 122.00 | OK | |||
r-oldrel-windows-x86_64 | 0.0.60 | 60.00 | 233.00 | 293.00 | OK |
Version: 0.0.60
Check: Rd cross-references
Result: NOTE
Found the following Rd file(s) with Rd \link{} targets missing package
anchors:
ATA.BoxCoxAttr.Rd: BoxCox, InvBoxCox, BoxCox.lambda
ATA.Decomposition.Rd: stlplus
Please provide package anchors for all Rd \link{} targets not in the
package itself and the base packages.
Flavors: r-devel-linux-x86_64-debian-clang, r-devel-linux-x86_64-debian-gcc, r-devel-windows-x86_64, r-patched-linux-x86_64, r-release-linux-x86_64, r-release-windows-x86_64
Version: 0.0.60
Check: examples
Result: NOTE
Examples with CPU (user + system) or elapsed time > 5s
user system elapsed
ATA.Accuracy 4.572 0.118 6.564
Flavor: r-devel-linux-x86_64-debian-clang