CRAN Package Check Results for Package ATE.ERROR

Last updated on 2025-04-30 04:49:59 CEST.

Flavor Version Tinstall Tcheck Ttotal Status Flags
r-devel-linux-x86_64-debian-clang 1.0.0 4.98 284.73 289.71 NOTE
r-devel-linux-x86_64-debian-gcc 1.0.0 3.35 212.01 215.36 OK
r-devel-linux-x86_64-fedora-clang 1.0.0 445.83 OK
r-devel-linux-x86_64-fedora-gcc 1.0.0 528.74 OK
r-devel-windows-x86_64 1.0.0 7.00 477.00 484.00 OK
r-patched-linux-x86_64 1.0.0 5.17 273.38 278.55 OK
r-release-linux-x86_64 1.0.0 5.32 273.77 279.09 OK
r-release-macos-arm64 1.0.0 235.00 OK
r-release-macos-x86_64 1.0.0 376.00 OK
r-release-windows-x86_64 1.0.0 7.00 470.00 477.00 OK
r-oldrel-macos-arm64 1.0.0 189.00 OK
r-oldrel-macos-x86_64 1.0.0 448.00 OK
r-oldrel-windows-x86_64 1.0.0 8.00 540.00 548.00 OK

Check Details

Version: 1.0.0
Check: examples
Result: NOTE Examples with CPU (user + system) or elapsed time > 5s user system elapsed ATE.ERROR.Y 4.113 0.154 5.28 Flavor: r-devel-linux-x86_64-debian-clang