Last updated on 2025-07-05 04:50:09 CEST.
Flavor | Version | Tinstall | Tcheck | Ttotal | Status | Flags |
---|---|---|---|---|---|---|
r-devel-linux-x86_64-debian-clang | 0.2.3 | 6.73 | 267.72 | 274.45 | NOTE | |
r-devel-linux-x86_64-debian-gcc | 0.2.3 | 4.76 | 194.94 | 199.70 | NOTE | |
r-devel-linux-x86_64-fedora-clang | 0.2.3 | 439.90 | NOTE | |||
r-devel-linux-x86_64-fedora-gcc | 0.2.3 | 461.19 | NOTE | |||
r-devel-windows-x86_64 | 0.2.3 | 8.00 | 374.00 | 382.00 | NOTE | |
r-patched-linux-x86_64 | 0.2.3 | 6.76 | 258.11 | 264.87 | NOTE | |
r-release-linux-x86_64 | 0.2.3 | 6.61 | 254.99 | 261.60 | NOTE | |
r-release-macos-arm64 | 0.2.3 | 193.00 | NOTE | |||
r-release-macos-x86_64 | 0.2.3 | 285.00 | NOTE | |||
r-release-windows-x86_64 | 0.2.3 | 9.00 | 373.00 | 382.00 | NOTE | |
r-oldrel-macos-arm64 | 0.2.3 | 158.00 | OK | |||
r-oldrel-macos-x86_64 | 0.2.3 | 468.00 | OK | |||
r-oldrel-windows-x86_64 | 0.2.3 | 10.00 | 444.00 | 454.00 | OK |
Version: 0.2.3
Check: DESCRIPTION meta-information
Result: NOTE
Missing dependency on R >= 4.1.0 because package code uses the pipe
|> or function shorthand \(...) syntax added in R 4.1.0.
File(s) using such syntax:
‘catchment_sim.R’ ‘elementary_pop.R’
Flavors: r-devel-linux-x86_64-debian-clang, r-devel-linux-x86_64-debian-gcc, r-devel-linux-x86_64-fedora-clang, r-devel-linux-x86_64-fedora-gcc, r-devel-windows-x86_64, r-patched-linux-x86_64, r-release-linux-x86_64, r-release-macos-arm64, r-release-macos-x86_64, r-release-windows-x86_64
Version: 0.2.3
Check: for non-standard things in the check directory
Result: NOTE
Found the following files/directories:
‘DESA’
Flavor: r-devel-linux-x86_64-fedora-gcc