Last updated on 2025-04-30 04:49:59 CEST.
Flavor | Version | Tinstall | Tcheck | Ttotal | Status | Flags |
---|---|---|---|---|---|---|
r-devel-linux-x86_64-debian-clang | 0.99 | 11.06 | 90.65 | 101.71 | NOTE | |
r-devel-linux-x86_64-debian-gcc | 0.99 | 7.97 | 65.02 | 72.99 | NOTE | |
r-devel-linux-x86_64-fedora-clang | 0.99 | 180.35 | OK | |||
r-devel-linux-x86_64-fedora-gcc | 0.99 | 631.75 | OK | |||
r-devel-windows-x86_64 | 0.99 | 13.00 | 94.00 | 107.00 | OK | |
r-patched-linux-x86_64 | 0.99 | 11.28 | 84.20 | 95.48 | OK | |
r-release-linux-x86_64 | 0.99 | 10.88 | 85.52 | 96.40 | OK | |
r-release-macos-arm64 | 0.99 | 124.00 | OK | |||
r-release-macos-x86_64 | 0.99 | 274.00 | OK | |||
r-release-windows-x86_64 | 0.99 | 12.00 | 92.00 | 104.00 | OK | |
r-oldrel-macos-arm64 | 0.99 | 123.00 | OK | |||
r-oldrel-macos-x86_64 | 0.99 | 245.00 | OK | |||
r-oldrel-windows-x86_64 | 0.99 | 17.00 | 116.00 | 133.00 | OK |
Version: 0.99
Check: CRAN incoming feasibility
Result: NOTE
Maintainer: ‘Arjun Sondhi <asondhi@uw.edu>’
No Authors@R field in DESCRIPTION.
Please add one, modifying
Authors@R: c(person(given = "Arjun",
family = "Sondhi",
role = c("aut", "cre"),
email = "asondhi@uw.edu"),
person(given = "Ken",
family = "Rice",
role = "aut"))
as necessary.
Flavors: r-devel-linux-x86_64-debian-clang, r-devel-linux-x86_64-debian-gcc