Last updated on 2025-04-30 04:49:59 CEST.
Flavor | Version | Tinstall | Tcheck | Ttotal | Status | Flags |
---|---|---|---|---|---|---|
r-devel-linux-x86_64-debian-clang | 1.7.6 | 3.76 | 31.75 | 35.51 | NOTE | |
r-devel-linux-x86_64-debian-gcc | 1.7.6 | 2.35 | 24.33 | 26.68 | NOTE | |
r-devel-linux-x86_64-fedora-clang | 1.7.6 | 53.86 | OK | |||
r-devel-linux-x86_64-fedora-gcc | 1.7.6 | 54.65 | OK | |||
r-devel-windows-x86_64 | 1.7.6 | 5.00 | 47.00 | 52.00 | OK | --no-examples --no-tests --no-vignettes |
r-patched-linux-x86_64 | 1.7.6 | 2.25 | 29.67 | 31.92 | OK | |
r-release-linux-x86_64 | 1.7.6 | 3.44 | 29.68 | 33.12 | OK | |
r-release-macos-arm64 | 1.7.6 | 24.00 | OK | |||
r-release-macos-x86_64 | 1.7.6 | 47.00 | OK | |||
r-release-windows-x86_64 | 1.7.6 | 6.00 | 46.00 | 52.00 | OK | --no-examples --no-tests --no-vignettes |
r-oldrel-macos-arm64 | 1.7.6 | 22.00 | OK | |||
r-oldrel-macos-x86_64 | 1.7.6 | 31.00 | OK | |||
r-oldrel-windows-x86_64 | 1.7.6 | 5.00 | 38.00 | 43.00 | OK | --no-examples --no-tests --no-vignettes |
Version: 1.7.6
Check: CRAN incoming feasibility
Result: NOTE
Maintainer: ‘Gergely Daroczi <daroczig@rapporter.net>’
No Authors@R field in DESCRIPTION.
Please add one, modifying
Authors@R: person(given = "Gergely",
family = "Daroczi",
role = c("aut", "cre"),
email = "daroczig@rapporter.net")
as necessary.
Flavors: r-devel-linux-x86_64-debian-clang, r-devel-linux-x86_64-debian-gcc