Last updated on 2025-04-30 04:49:59 CEST.
Flavor | Version | Tinstall | Tcheck | Ttotal | Status | Flags |
---|---|---|---|---|---|---|
r-devel-linux-x86_64-debian-clang | 1.2.2 | 2.61 | 25.22 | 27.83 | NOTE | |
r-devel-linux-x86_64-debian-gcc | 1.2.2 | 2.03 | 20.79 | 22.82 | NOTE | |
r-devel-linux-x86_64-fedora-clang | 1.2.2 | 43.46 | OK | |||
r-devel-linux-x86_64-fedora-gcc | 1.2.2 | 42.98 | OK | |||
r-devel-windows-x86_64 | 1.2.2 | 4.00 | 49.00 | 53.00 | OK | |
r-patched-linux-x86_64 | 1.2.2 | 2.35 | 24.16 | 26.51 | OK | |
r-release-linux-x86_64 | 1.2.2 | 2.28 | 24.07 | 26.35 | OK | |
r-release-macos-arm64 | 1.2.2 | 17.00 | OK | |||
r-release-macos-x86_64 | 1.2.2 | 28.00 | OK | |||
r-release-windows-x86_64 | 1.2.2 | 3.00 | 52.00 | 55.00 | OK | |
r-oldrel-macos-arm64 | 1.2.2 | 21.00 | OK | |||
r-oldrel-macos-x86_64 | 1.2.2 | 25.00 | OK | |||
r-oldrel-windows-x86_64 | 1.2.2 | 4.00 | 51.00 | 55.00 | OK |
Version: 1.2.2
Check: CRAN incoming feasibility
Result: NOTE
Maintainer: ‘Gokmen Altay <altaylabs@gmail.com>’
No Authors@R field in DESCRIPTION.
Please add one, modifying
Authors@R: person(given = "Gokmen",
family = "Altay",
role = c("aut", "cre"),
email = "altaylabs@gmail.com")
as necessary.
Flavors: r-devel-linux-x86_64-debian-clang, r-devel-linux-x86_64-debian-gcc