CRAN Package Check Results for Package ActCR

Last updated on 2025-04-30 04:49:59 CEST.

Flavor Version Tinstall Tcheck Ttotal Status Flags
r-devel-linux-x86_64-debian-clang 0.3.0 8.68 74.77 83.45 NOTE
r-devel-linux-x86_64-debian-gcc 0.3.0 5.32 52.54 57.86 NOTE
r-devel-linux-x86_64-fedora-clang 0.3.0 116.49 NOTE
r-devel-linux-x86_64-fedora-gcc 0.3.0 115.08 NOTE
r-devel-windows-x86_64 0.3.0 9.00 85.00 94.00 NOTE
r-patched-linux-x86_64 0.3.0 8.13 67.45 75.58 NOTE
r-release-linux-x86_64 0.3.0 7.61 67.09 74.70 NOTE
r-release-macos-arm64 0.3.0 36.00 NOTE
r-release-macos-x86_64 0.3.0 60.00 NOTE
r-release-windows-x86_64 0.3.0 12.00 85.00 97.00 NOTE
r-oldrel-macos-arm64 0.3.0 35.00 NOTE
r-oldrel-macos-x86_64 0.3.0 50.00 NOTE
r-oldrel-windows-x86_64 0.3.0 12.00 101.00 113.00 NOTE

Check Details

Version: 0.3.0
Check: package subdirectories
Result: NOTE Problems with news in ‘NEWS.md’: No news entries found. Flavors: r-devel-linux-x86_64-debian-clang, r-devel-linux-x86_64-debian-gcc, r-devel-linux-x86_64-fedora-clang, r-devel-linux-x86_64-fedora-gcc, r-devel-windows-x86_64, r-patched-linux-x86_64, r-release-linux-x86_64, r-release-macos-arm64, r-release-macos-x86_64, r-release-windows-x86_64, r-oldrel-macos-arm64, r-oldrel-macos-x86_64, r-oldrel-windows-x86_64

Version: 0.3.0
Check: examples
Result: NOTE Examples with CPU (user + system) or elapsed time > 5s user system elapsed IS_long 3.322 0.027 5.04 Flavor: r-devel-linux-x86_64-debian-clang