Last updated on 2025-04-30 04:49:59 CEST.
Flavor | Version | Tinstall | Tcheck | Ttotal | Status | Flags |
---|---|---|---|---|---|---|
r-devel-linux-x86_64-debian-clang | 0.1.1 | 12.42 | 105.20 | 117.62 | NOTE | |
r-devel-linux-x86_64-debian-gcc | 0.1.1 | 7.95 | 74.34 | 82.29 | NOTE | |
r-devel-linux-x86_64-fedora-clang | 0.1.1 | 176.68 | NOTE | |||
r-devel-linux-x86_64-fedora-gcc | 0.1.1 | 193.29 | NOTE | |||
r-devel-windows-x86_64 | 0.1.1 | 11.00 | 107.00 | 118.00 | NOTE | |
r-patched-linux-x86_64 | 0.1.1 | 12.45 | 97.70 | 110.15 | NOTE | |
r-release-linux-x86_64 | 0.1.1 | 10.90 | 98.88 | 109.78 | NOTE | |
r-release-macos-arm64 | 0.1.1 | 55.00 | NOTE | |||
r-release-macos-x86_64 | 0.1.1 | 104.00 | NOTE | |||
r-release-windows-x86_64 | 0.1.1 | 15.00 | 105.00 | 120.00 | NOTE | |
r-oldrel-macos-arm64 | 0.1.1 | 55.00 | NOTE | |||
r-oldrel-macos-x86_64 | 0.1.1 | 90.00 | NOTE | |||
r-oldrel-windows-x86_64 | 0.1.1 | 17.00 | 134.00 | 151.00 | NOTE |
Version: 0.1.1
Check: package subdirectories
Result: NOTE
Problems with news in ‘NEWS.md’:
No news entries found.
Flavors: r-devel-linux-x86_64-debian-clang, r-devel-linux-x86_64-debian-gcc, r-devel-linux-x86_64-fedora-clang, r-devel-linux-x86_64-fedora-gcc, r-devel-windows-x86_64, r-patched-linux-x86_64, r-release-linux-x86_64, r-release-macos-arm64, r-release-macos-x86_64, r-release-windows-x86_64, r-oldrel-macos-arm64, r-oldrel-macos-x86_64, r-oldrel-windows-x86_64
Version: 0.1.1
Check: examples
Result: NOTE
Examples with CPU (user + system) or elapsed time > 5s
user system elapsed
fragmentation_long 6.839 0.13 8.059
Flavor: r-devel-linux-x86_64-debian-clang
Version: 0.1.1
Check: examples
Result: NOTE
Examples with CPU (user + system) or elapsed time > 5s
user system elapsed
fragmentation_long 4.735 0.145 5.743
Flavor: r-devel-linux-x86_64-debian-gcc
Version: 0.1.1
Check: dependencies in R code
Result: NOTE
Namespace in Imports field not imported from: ‘tidyr’
All declared Imports should be used.
Flavors: r-devel-linux-x86_64-fedora-clang, r-devel-linux-x86_64-fedora-gcc