CRAN Package Check Results for Package AdMit

Last updated on 2025-04-30 04:49:59 CEST.

Flavor Version Tinstall Tcheck Ttotal Status Flags
r-devel-linux-x86_64-debian-clang 2.1.9 3.53 26.22 29.75 NOTE
r-devel-linux-x86_64-debian-gcc 2.1.9 2.67 20.18 22.85 NOTE
r-devel-linux-x86_64-fedora-clang 2.1.9 42.36 OK
r-devel-linux-x86_64-fedora-gcc 2.1.9 43.83 OK
r-devel-windows-x86_64 2.1.9 6.00 55.00 61.00 OK
r-patched-linux-x86_64 2.1.9 3.44 24.01 27.45 OK
r-release-linux-x86_64 2.1.9 3.09 24.19 27.28 OK
r-release-macos-arm64 2.1.9 22.00 OK
r-release-macos-x86_64 2.1.9 30.00 OK
r-release-windows-x86_64 2.1.9 8.00 52.00 60.00 OK
r-oldrel-macos-arm64 2.1.9 30.00 OK
r-oldrel-macos-x86_64 2.1.9 26.00 OK
r-oldrel-windows-x86_64 2.1.9 7.00 52.00 59.00 OK

Check Details

Version: 2.1.9
Check: CRAN incoming feasibility
Result: NOTE Maintainer: ‘David Ardia <david.ardia.ch@gmail.com>’ Package CITATION file contains call(s) to old-style personList() or as.personList(). Please use c() on person objects instead. Package CITATION file contains call(s) to old-style citEntry(). Please use bibentry() instead. Flavors: r-devel-linux-x86_64-debian-clang, r-devel-linux-x86_64-debian-gcc