CRAN Package Check Results for Package AdapSamp

Last updated on 2025-02-22 05:51:28 CET.

Flavor Version Tinstall Tcheck Ttotal Status Flags
r-devel-linux-x86_64-debian-clang 1.1.1 2.53 25.47 28.00 OK
r-devel-linux-x86_64-debian-gcc 1.1.1 1.81 19.28 21.09 OK
r-devel-linux-x86_64-fedora-clang 1.1.1 47.73 OK
r-devel-linux-x86_64-fedora-gcc 1.1.1 45.99 OK
r-devel-macos-arm64 1.1.1 17.00 OK
r-devel-macos-x86_64 1.1.1 31.00 OK
r-devel-windows-x86_64 1.1.1 3.00 51.00 54.00 OK
r-patched-linux-x86_64 1.1.1 2.11 24.08 26.19 NOTE
r-release-linux-x86_64 1.1.1 1.99 24.26 26.25 NOTE
r-release-macos-arm64 1.1.1 22.00 NOTE
r-release-macos-x86_64 1.1.1 25.00 NOTE
r-release-windows-x86_64 1.1.1 2.00 50.00 52.00 NOTE
r-oldrel-macos-arm64 1.1.1 18.00 NOTE
r-oldrel-macos-x86_64 1.1.1 27.00 NOTE
r-oldrel-windows-x86_64 1.1.1 4.00 52.00 56.00 NOTE

Check Details

Version: 1.1.1
Check: LazyData
Result: NOTE 'LazyData' is specified without a 'data' directory Flavors: r-patched-linux-x86_64, r-release-linux-x86_64, r-release-macos-arm64, r-release-macos-x86_64, r-release-windows-x86_64, r-oldrel-macos-arm64, r-oldrel-macos-x86_64, r-oldrel-windows-x86_64