Last updated on 2025-04-30 04:49:59 CEST.
Flavor | Version | Tinstall | Tcheck | Ttotal | Status | Flags |
---|---|---|---|---|---|---|
r-devel-linux-x86_64-debian-clang | 2.0.0 | 2.07 | 39.56 | 41.63 | NOTE | |
r-devel-linux-x86_64-debian-gcc | 2.0.0 | 1.64 | 27.35 | 28.99 | NOTE | |
r-devel-linux-x86_64-fedora-clang | 2.0.0 | 67.75 | OK | |||
r-devel-linux-x86_64-fedora-gcc | 2.0.0 | 70.56 | OK | |||
r-devel-windows-x86_64 | 2.0.0 | 3.00 | 61.00 | 64.00 | OK | |
r-patched-linux-x86_64 | 2.0.0 | 2.11 | 36.32 | 38.43 | OK | |
r-release-linux-x86_64 | 2.0.0 | 1.63 | 36.26 | 37.89 | OK | |
r-release-macos-arm64 | 2.0.0 | 23.00 | OK | |||
r-release-macos-x86_64 | 2.0.0 | 40.00 | OK | |||
r-release-windows-x86_64 | 2.0.0 | 3.00 | 63.00 | 66.00 | OK | |
r-oldrel-macos-arm64 | 2.0.0 | 36.00 | OK | |||
r-oldrel-macos-x86_64 | 2.0.0 | 31.00 | OK | |||
r-oldrel-windows-x86_64 | 2.0.0 | 3.00 | 60.00 | 63.00 | OK |
Version: 2.0.0
Check: examples
Result: NOTE
Examples with CPU (user + system) or elapsed time > 5s
user system elapsed
pso 14.558 0.022 17.206
Flavor: r-devel-linux-x86_64-debian-clang
Version: 2.0.0
Check: examples
Result: NOTE
Examples with CPU (user + system) or elapsed time > 5s
user system elapsed
pso 8.603 0.005 10.323
Flavor: r-devel-linux-x86_64-debian-gcc