Last updated on 2025-04-30 04:49:59 CEST.
Flavor | Version | Tinstall | Tcheck | Ttotal | Status | Flags |
---|---|---|---|---|---|---|
r-devel-linux-x86_64-debian-clang | 1.3.6 | 66.70 | 380.08 | 446.78 | NOTE | |
r-devel-linux-x86_64-debian-gcc | 1.3.6 | 39.89 | 236.06 | 275.95 | OK | |
r-devel-linux-x86_64-fedora-clang | 1.3.6 | 720.34 | OK | |||
r-devel-linux-x86_64-fedora-gcc | 1.3.6 | 722.50 | OK | |||
r-devel-windows-x86_64 | 1.3.6 | 60.00 | 333.00 | 393.00 | OK | |
r-patched-linux-x86_64 | 1.3.6 | 62.45 | 358.01 | 420.46 | OK | |
r-release-linux-x86_64 | 1.3.6 | 54.59 | 357.08 | 411.67 | OK | |
r-release-macos-arm64 | 1.3.6 | 151.00 | OK | |||
r-release-macos-x86_64 | 1.3.6 | 324.00 | OK | |||
r-release-windows-x86_64 | 1.3.6 | 59.00 | 328.00 | 387.00 | OK | |
r-oldrel-macos-arm64 | 1.3.6 | 112.00 | OK | |||
r-oldrel-macos-x86_64 | 1.3.6 | 234.00 | OK | |||
r-oldrel-windows-x86_64 | 1.3.6 | 82.00 | 469.00 | 551.00 | OK |
Version: 1.3.6
Check: examples
Result: NOTE
Examples with CPU (user + system) or elapsed time > 5s
user system elapsed
sketch 5.528 0.000 7.122
summarise_anova 4.788 0.016 6.006
summarise_dunnett 4.467 0.004 5.500
DICT 4.118 0.082 6.067
DIC 4.149 0.011 5.302
grid.onefactor 3.956 0.051 5.038
Flavor: r-devel-linux-x86_64-debian-clang