Last updated on 2025-11-04 03:50:43 CET.
| Flavor | Version | Tinstall | Tcheck | Ttotal | Status | Flags | 
|---|---|---|---|---|---|---|
| r-devel-linux-x86_64-debian-clang | 0.1.0 | 14.26 | 89.21 | 103.47 | NOTE | |
| r-devel-linux-x86_64-debian-gcc | 0.1.0 | 8.82 | 60.82 | 69.64 | NOTE | |
| r-devel-linux-x86_64-fedora-clang | 0.1.0 | 32.00 | 129.90 | 161.90 | NOTE | |
| r-devel-linux-x86_64-fedora-gcc | 0.1.0 | 74.00 | 90.90 | 164.90 | NOTE | |
| r-devel-windows-x86_64 | 0.1.0 | 16.00 | 96.00 | 112.00 | NOTE | |
| r-patched-linux-x86_64 | 0.1.0 | 16.14 | 82.87 | 99.01 | OK | |
| r-release-linux-x86_64 | 0.1.0 | 12.51 | 83.60 | 96.11 | OK | |
| r-release-macos-arm64 | 0.1.0 | 5.00 | 34.00 | 39.00 | OK | |
| r-release-macos-x86_64 | 0.1.0 | 18.00 | 65.00 | 83.00 | OK | |
| r-release-windows-x86_64 | 0.1.0 | 16.00 | 95.00 | 111.00 | OK | |
| r-oldrel-macos-arm64 | 0.1.0 | 6.00 | 33.00 | 39.00 | OK | |
| r-oldrel-macos-x86_64 | 0.1.0 | 20.00 | 68.00 | 88.00 | OK | |
| r-oldrel-windows-x86_64 | 0.1.0 | 22.00 | 120.00 | 142.00 | OK | 
Version: 0.1.0
Check: Rd files
Result: NOTE
  checkRd: (-1) clonesgroups.Rd:14-17: Only 5 columns allowed in this table (row 1 has 4)
  checkRd: (-1) clonesgroups.Rd:14-17: Only 5 columns allowed in this table (row 2 has 4)
Flavors: r-devel-linux-x86_64-debian-clang, r-devel-linux-x86_64-debian-gcc, r-devel-linux-x86_64-fedora-clang, r-devel-linux-x86_64-fedora-gcc, r-devel-windows-x86_64