Last updated on 2025-04-30 04:49:59 CEST.
Flavor | Version | Tinstall | Tcheck | Ttotal | Status | Flags |
---|---|---|---|---|---|---|
r-devel-linux-x86_64-debian-clang | 0.1.0.0 | 3.54 | 43.34 | 46.88 | NOTE | |
r-devel-linux-x86_64-debian-gcc | 0.1.0.0 | 2.28 | 31.24 | 33.52 | NOTE | |
r-devel-linux-x86_64-fedora-clang | 0.1.0.0 | 75.02 | OK | |||
r-devel-linux-x86_64-fedora-gcc | 0.1.0.0 | 72.97 | OK | |||
r-devel-windows-x86_64 | 0.1.0.0 | 6.00 | 61.00 | 67.00 | OK | |
r-patched-linux-x86_64 | 0.1.0.0 | 3.99 | 40.13 | 44.12 | OK | |
r-release-linux-x86_64 | 0.1.0.0 | 3.78 | 40.51 | 44.29 | OK | |
r-release-macos-arm64 | 0.1.0.0 | 27.00 | OK | |||
r-release-macos-x86_64 | 0.1.0.0 | 50.00 | OK | |||
r-release-windows-x86_64 | 0.1.0.0 | 7.00 | 61.00 | 68.00 | OK | |
r-oldrel-macos-arm64 | 0.1.0.0 | 24.00 | OK | |||
r-oldrel-macos-x86_64 | 0.1.0.0 | 40.00 | OK | |||
r-oldrel-windows-x86_64 | 0.1.0.0 | 6.00 | 72.00 | 78.00 | OK |
Version: 0.1.0.0
Check: examples
Result: NOTE
Examples with CPU (user + system) or elapsed time > 5s
user system elapsed
Alignment 10.645 0.775 13.878
Flavor: r-devel-linux-x86_64-debian-clang
Version: 0.1.0.0
Check: examples
Result: NOTE
Examples with CPU (user + system) or elapsed time > 5s
user system elapsed
Alignment 6.543 0.504 8.729
Flavor: r-devel-linux-x86_64-debian-gcc