Last updated on 2025-11-02 03:51:31 CET.
| Flavor | Version | Tinstall | Tcheck | Ttotal | Status | Flags |
|---|---|---|---|---|---|---|
| r-devel-linux-x86_64-debian-clang | 0.1.1.5 | 68.75 | 84.74 | 153.49 | OK | |
| r-devel-linux-x86_64-debian-gcc | 0.1.1.5 | 43.74 | 61.54 | 105.28 | OK | |
| r-devel-linux-x86_64-fedora-clang | 0.1.1.5 | 126.00 | 146.83 | 272.83 | OK | |
| r-devel-linux-x86_64-fedora-gcc | 0.1.1.5 | 167.00 | 120.29 | 287.29 | OK | |
| r-devel-windows-x86_64 | 0.1.1.5 | 79.00 | 130.00 | 209.00 | OK | |
| r-patched-linux-x86_64 | 0.1.1.5 | 71.81 | 82.99 | 154.80 | OK | |
| r-release-linux-x86_64 | 0.1.1.5 | 71.40 | 83.81 | 155.21 | OK | |
| r-release-macos-arm64 | 0.1.1.5 | 22.00 | 54.00 | 76.00 | OK | |
| r-release-macos-x86_64 | 0.1.1.5 | 20.00 | 132.00 | 152.00 | OK | |
| r-release-windows-x86_64 | 0.1.1.5 | 80.00 | 125.00 | 205.00 | OK | |
| r-oldrel-macos-arm64 | 0.1.1.5 | 21.00 | 57.00 | 78.00 | NOTE | |
| r-oldrel-macos-x86_64 | 0.1.1.5 | 21.00 | 119.00 | 140.00 | NOTE | |
| r-oldrel-windows-x86_64 | 0.1.1.5 | 89.00 | 153.00 | 242.00 | OK |
Version: 0.1.1.5
Check: installed package size
Result: NOTE
installed size is 5.4Mb
sub-directories of 1Mb or more:
libs 4.9Mb
Flavors: r-oldrel-macos-arm64, r-oldrel-macos-x86_64