Last updated on 2025-02-21 03:52:06 CET.
Flavor | Version | Tinstall | Tcheck | Ttotal | Status | Flags |
---|---|---|---|---|---|---|
r-devel-linux-x86_64-debian-clang | 1.8.3 | 32.26 | 71.85 | 104.11 | OK | |
r-devel-linux-x86_64-debian-gcc | 1.8.3 | 24.65 | 51.43 | 76.08 | OK | |
r-devel-linux-x86_64-fedora-clang | 1.8.3 | 172.05 | OK | |||
r-devel-linux-x86_64-fedora-gcc | 1.8.3 | 199.47 | OK | |||
r-devel-macos-arm64 | 1.8.3 | 54.00 | OK | |||
r-devel-macos-x86_64 | 1.8.3 | 124.00 | OK | |||
r-devel-windows-x86_64 | 1.8.3 | 35.00 | 99.00 | 134.00 | OK | |
r-patched-linux-x86_64 | 1.8.3 | 34.50 | 67.51 | 102.01 | OK | |
r-release-linux-x86_64 | 1.8.3 | 33.91 | 66.63 | 100.54 | OK | |
r-release-macos-arm64 | 1.8.3 | 57.00 | NOTE | |||
r-release-macos-x86_64 | 1.8.3 | 161.00 | NOTE | |||
r-release-windows-x86_64 | 1.8.3 | 38.00 | 103.00 | 141.00 | OK | |
r-oldrel-macos-arm64 | 1.8.3 | 83.00 | NOTE | |||
r-oldrel-macos-x86_64 | 1.8.3 | 149.00 | NOTE | |||
r-oldrel-windows-x86_64 | 1.8.3 | 46.00 | 147.00 | 193.00 | OK |
Version: 1.8.3
Check: installed package size
Result: NOTE
installed size is 5.6Mb
sub-directories of 1Mb or more:
doc 1.4Mb
libs 3.6Mb
Flavors: r-release-macos-arm64, r-release-macos-x86_64, r-oldrel-macos-arm64, r-oldrel-macos-x86_64