Last updated on 2025-04-30 04:49:59 CEST.
Flavor | Version | Tinstall | Tcheck | Ttotal | Status | Flags |
---|---|---|---|---|---|---|
r-devel-linux-x86_64-debian-clang | 0.4.7 | 11.35 | 139.99 | 151.34 | NOTE | |
r-devel-linux-x86_64-debian-gcc | 0.4.7 | 7.46 | 89.15 | 96.61 | NOTE | |
r-devel-linux-x86_64-fedora-clang | 0.4.7 | 248.18 | NOTE | |||
r-devel-linux-x86_64-fedora-gcc | 0.4.7 | 258.34 | NOTE | |||
r-devel-windows-x86_64 | 0.4.7 | 13.00 | 147.00 | 160.00 | NOTE | |
r-patched-linux-x86_64 | 0.4.7 | 12.84 | 127.54 | 140.38 | NOTE | |
r-release-linux-x86_64 | 0.4.7 | 10.36 | 128.86 | 139.22 | NOTE | |
r-release-macos-arm64 | 0.4.7 | 59.00 | NOTE | |||
r-release-macos-x86_64 | 0.4.7 | 110.00 | NOTE | |||
r-release-windows-x86_64 | 0.4.7 | 12.00 | 157.00 | 169.00 | NOTE | |
r-oldrel-macos-arm64 | 0.4.7 | 61.00 | OK | |||
r-oldrel-macos-x86_64 | 0.4.7 | 165.00 | OK | |||
r-oldrel-windows-x86_64 | 0.4.7 | 16.00 | 191.00 | 207.00 | OK |
Version: 0.4.7
Check: DESCRIPTION meta-information
Result: NOTE
Missing dependency on R >= 4.1.0 because package code uses the pipe
|> or function shorthand \(...) syntax added in R 4.1.0.
File(s) using such syntax:
‘deltaFibonacciCompress.Rd’ ‘read.AmigaBitmapFont.Rd’
‘read.AmigaBitmapFontSet.Rd’ ‘write.AmigaBitmapFont.Rd’
Flavors: r-devel-linux-x86_64-debian-clang, r-devel-linux-x86_64-debian-gcc, r-devel-linux-x86_64-fedora-clang, r-devel-linux-x86_64-fedora-gcc, r-devel-windows-x86_64, r-patched-linux-x86_64, r-release-linux-x86_64, r-release-macos-arm64, r-release-macos-x86_64, r-release-windows-x86_64
Version: 0.4.7
Check: examples
Result: NOTE
Examples with CPU (user + system) or elapsed time > 5s
user system elapsed
rasterToIFF 10.806 0.047 13.003
IFFChunk 8.188 0.149 10.272
rasterToBitmap 4.918 0.040 6.012
Flavor: r-devel-linux-x86_64-debian-clang
Version: 0.4.7
Check: examples
Result: NOTE
Examples with CPU (user + system) or elapsed time > 5s
user system elapsed
rasterToIFF 6.094 0.012 7.678
IFFChunk 4.883 0.084 8.003
Flavor: r-devel-linux-x86_64-debian-gcc