CRAN Package Check Results for Package AmpliconDuo

Last updated on 2025-04-30 04:49:59 CEST.

Flavor Version Tinstall Tcheck Ttotal Status Flags
r-devel-linux-x86_64-debian-clang 1.1.1 5.60 79.08 84.68 NOTE
r-devel-linux-x86_64-debian-gcc 1.1.1 3.95 53.67 57.62 NOTE
r-devel-linux-x86_64-fedora-clang 1.1.1 125.31 NOTE
r-devel-linux-x86_64-fedora-gcc 1.1.1 131.88 NOTE
r-devel-windows-x86_64 1.1.1 7.00 97.00 104.00 NOTE
r-patched-linux-x86_64 1.1.1 5.02 73.96 78.98 NOTE
r-release-linux-x86_64 1.1.1 4.64 74.74 79.38 NOTE
r-release-macos-arm64 1.1.1 42.00 NOTE
r-release-macos-x86_64 1.1.1 70.00 NOTE
r-release-windows-x86_64 1.1.1 7.00 97.00 104.00 NOTE
r-oldrel-macos-arm64 1.1.1 39.00 NOTE
r-oldrel-macos-x86_64 1.1.1 57.00 NOTE
r-oldrel-windows-x86_64 1.1.1 8.00 118.00 126.00 NOTE

Check Details

Version: 1.1.1
Check: Rd files
Result: NOTE checkRd: (-1) AmpliconDuo-package.Rd:37-39: Lost braces in \itemize; meant \describe ? checkRd: (-1) AmpliconDuo-package.Rd:40-42: Lost braces in \itemize; meant \describe ? checkRd: (-1) AmpliconDuo-package.Rd:43-46: Lost braces in \itemize; meant \describe ? checkRd: (-1) AmpliconDuo-package.Rd:47-49: Lost braces in \itemize; meant \describe ? checkRd: (-1) AmpliconDuo-package.Rd:50-52: Lost braces in \itemize; meant \describe ? checkRd: (-1) AmpliconDuo-package.Rd:53-55: Lost braces in \itemize; meant \describe ? checkRd: (-1) AmpliconDuo-package.Rd:56-58: Lost braces in \itemize; meant \describe ? Flavors: r-devel-linux-x86_64-debian-clang, r-devel-linux-x86_64-debian-gcc, r-devel-linux-x86_64-fedora-clang, r-devel-linux-x86_64-fedora-gcc, r-devel-windows-x86_64, r-patched-linux-x86_64, r-release-linux-x86_64, r-release-macos-arm64, r-release-macos-x86_64, r-release-windows-x86_64, r-oldrel-macos-arm64, r-oldrel-macos-x86_64, r-oldrel-windows-x86_64

Version: 1.1.1
Check: examples
Result: NOTE Examples with CPU (user + system) or elapsed time > 5s user system elapsed ampliconduo 5.297 0.084 5.998 plotORdensity 4.111 0.087 5.532 Flavor: r-devel-linux-x86_64-debian-clang