Last updated on 2025-04-30 04:49:59 CEST.
Flavor | Version | Tinstall | Tcheck | Ttotal | Status | Flags |
---|---|---|---|---|---|---|
r-devel-linux-x86_64-debian-clang | 1.1 | 9.05 | 67.83 | 76.88 | NOTE | |
r-devel-linux-x86_64-debian-gcc | 1.1 | 6.95 | 49.34 | 56.29 | NOTE | |
r-devel-linux-x86_64-fedora-clang | 1.1 | 115.91 | OK | |||
r-devel-linux-x86_64-fedora-gcc | 1.1 | 124.81 | OK | |||
r-devel-windows-x86_64 | 1.1 | 11.00 | 81.00 | 92.00 | OK | |
r-patched-linux-x86_64 | 1.1 | 8.16 | 63.57 | 71.73 | OK | |
r-release-linux-x86_64 | 1.1 | 9.08 | 62.72 | 71.80 | OK | |
r-release-macos-arm64 | 1.1 | 40.00 | OK | |||
r-release-macos-x86_64 | 1.1 | 73.00 | OK | |||
r-release-windows-x86_64 | 1.1 | 11.00 | 81.00 | 92.00 | OK | |
r-oldrel-macos-arm64 | 1.1 | 39.00 | OK | |||
r-oldrel-macos-x86_64 | 1.1 | 53.00 | OK | |||
r-oldrel-windows-x86_64 | 1.1 | 13.00 | 95.00 | 108.00 | OK |
Version: 1.1
Check: CRAN incoming feasibility
Result: NOTE
Maintainer: ‘Michal Burdukiewicz <michalburdukiewicz@gmail.com>’
Package CITATION file contains call(s) to old-style citEntry(). Please
use bibentry() instead.
Found the following URLs which should use \doi (with the DOI name only):
File ‘AmyloGram-package.Rd’:
https://doi.org/10.1038/s41598-017-13210-9
Flavors: r-devel-linux-x86_64-debian-clang, r-devel-linux-x86_64-debian-gcc