Last updated on 2025-04-30 04:49:59 CEST.
Flavor | Version | Tinstall | Tcheck | Ttotal | Status | Flags |
---|---|---|---|---|---|---|
r-devel-linux-x86_64-debian-clang | 1.0-0 | 11.45 | 104.06 | 115.51 | NOTE | |
r-devel-linux-x86_64-debian-gcc | 1.0-0 | 8.97 | 72.49 | 81.46 | NOTE | |
r-devel-linux-x86_64-fedora-clang | 1.0-0 | 203.70 | NOTE | |||
r-devel-linux-x86_64-fedora-gcc | 1.0-0 | 193.50 | NOTE | |||
r-devel-windows-x86_64 | 1.0-0 | 14.00 | 122.00 | 136.00 | NOTE | |
r-patched-linux-x86_64 | 1.0-0 | 12.37 | 97.70 | 110.07 | NOTE | |
r-release-linux-x86_64 | 1.0-0 | 11.70 | 96.72 | 108.42 | NOTE | |
r-release-macos-arm64 | 1.0-0 | 50.00 | NOTE | |||
r-release-macos-x86_64 | 1.0-0 | 86.00 | NOTE | |||
r-release-windows-x86_64 | 1.0-0 | 15.00 | 118.00 | 133.00 | NOTE | |
r-oldrel-macos-arm64 | 1.0-0 | 46.00 | NOTE | |||
r-oldrel-macos-x86_64 | 1.0-0 | 67.00 | NOTE | |||
r-oldrel-windows-x86_64 | 1.0-0 | 17.00 | 147.00 | 164.00 | NOTE |
Version: 1.0-0
Check: CRAN incoming feasibility
Result: NOTE
Maintainer: ‘Fabrizio Maturo <f.maturo@unich.it>’
The BugReports field in DESCRIPTION has
https://github.com/fabriziomaturo/AnnuityRIR
which should likely be
https://github.com/fabriziomaturo/AnnuityRIR/issues
instead.
Flavors: r-devel-linux-x86_64-debian-clang, r-devel-linux-x86_64-debian-gcc
Version: 1.0-0
Check: Rd files
Result: NOTE
checkRd: (-1) PV_post_triang_3.Rd:7: Escaped LaTeX specials: \_ \_
checkRd: (-1) PV_post_triang_3.Rd:22: Escaped LaTeX specials: \_ \_
checkRd: (-1) PV_pre_triang_3.Rd:7: Escaped LaTeX specials: \_ \_
checkRd: (-1) PV_pre_triang_3.Rd:22: Escaped LaTeX specials: \_ \_
Flavors: r-devel-linux-x86_64-debian-clang, r-devel-linux-x86_64-debian-gcc, r-devel-linux-x86_64-fedora-clang, r-devel-linux-x86_64-fedora-gcc, r-devel-windows-x86_64, r-patched-linux-x86_64, r-release-linux-x86_64, r-release-macos-arm64, r-release-macos-x86_64, r-release-windows-x86_64, r-oldrel-macos-arm64, r-oldrel-macos-x86_64, r-oldrel-windows-x86_64
Version: 1.0-0
Check: examples
Result: NOTE
Examples with CPU (user + system) or elapsed time > 5s
user system elapsed
plot_PVs_pre 4.11 0.059 5.73
Flavor: r-devel-linux-x86_64-debian-clang