Last updated on 2025-04-30 04:49:59 CEST.
Flavor | Version | Tinstall | Tcheck | Ttotal | Status | Flags |
---|---|---|---|---|---|---|
r-devel-linux-x86_64-debian-clang | 0.1.0 | 138.62 | 173.55 | 312.17 | OK | |
r-devel-linux-x86_64-debian-gcc | 0.1.0 | 118.40 | 132.65 | 251.05 | OK | |
r-devel-linux-x86_64-fedora-clang | 0.1.0 | 483.84 | NOTE | |||
r-devel-linux-x86_64-fedora-gcc | 0.1.0 | 581.95 | NOTE | |||
r-devel-windows-x86_64 | 0.1.0 | 157.00 | 177.00 | 334.00 | OK | |
r-patched-linux-x86_64 | 0.1.0 | 143.80 | 175.71 | 319.51 | OK | |
r-release-linux-x86_64 | 0.1.0 | 149.18 | 173.68 | 322.86 | OK | |
r-release-macos-arm64 | 0.1.0 | 113.00 | OK | |||
r-release-macos-x86_64 | 0.1.0 | 464.00 | OK | |||
r-release-windows-x86_64 | 0.1.0 | 159.00 | 178.00 | 337.00 | OK | |
r-oldrel-macos-arm64 | 0.1.0 | 74.00 | NOTE | |||
r-oldrel-macos-x86_64 | 0.1.0 | 150.00 | NOTE | |||
r-oldrel-windows-x86_64 | 0.1.0 | 161.00 | 236.00 | 397.00 | NOTE |
Version: 0.1.0
Check: dependencies in R code
Result: NOTE
Namespace in Imports field not imported from: ‘RcppParallel’
All declared Imports should be used.
Flavors: r-devel-linux-x86_64-fedora-clang, r-devel-linux-x86_64-fedora-gcc
Version: 0.1.0
Check: installed package size
Result: NOTE
installed size is 40.1Mb
sub-directories of 1Mb or more:
libs 39.8Mb
Flavors: r-oldrel-macos-arm64, r-oldrel-macos-x86_64
Version: 0.1.0
Check: for GNU extensions in Makefiles
Result: NOTE
GNU make is a SystemRequirements.
Flavors: r-oldrel-macos-arm64, r-oldrel-macos-x86_64, r-oldrel-windows-x86_64