Last updated on 2025-04-30 04:49:59 CEST.
Flavor | Version | Tinstall | Tcheck | Ttotal | Status | Flags |
---|---|---|---|---|---|---|
r-devel-linux-x86_64-debian-clang | 1.0.5 | 12.33 | 214.55 | 226.88 | NOTE | |
r-devel-linux-x86_64-debian-gcc | 1.0.5 | 8.61 | 135.43 | 144.04 | OK | |
r-devel-linux-x86_64-fedora-clang | 1.0.5 | 352.63 | OK | |||
r-devel-linux-x86_64-fedora-gcc | 1.0.5 | 369.96 | OK | |||
r-devel-windows-x86_64 | 1.0.5 | 15.00 | 198.00 | 213.00 | OK | |
r-patched-linux-x86_64 | 1.0.5 | 12.42 | 201.85 | 214.27 | OK | |
r-release-linux-x86_64 | 1.0.5 | 11.51 | 199.70 | 211.21 | OK | |
r-release-macos-arm64 | 1.0.5 | 88.00 | OK | |||
r-release-macos-x86_64 | 1.0.5 | 186.00 | OK | |||
r-release-windows-x86_64 | 1.0.5 | 15.00 | 194.00 | 209.00 | OK | |
r-oldrel-macos-arm64 | 1.0.5 | 88.00 | OK | |||
r-oldrel-macos-x86_64 | 1.0.5 | 185.00 | OK | |||
r-oldrel-windows-x86_64 | 1.0.5 | 17.00 | 266.00 | 283.00 | OK |
Version: 1.0.5
Check: examples
Result: NOTE
Examples with CPU (user + system) or elapsed time > 5s
user system elapsed
Estimate_Age_Maturity 3.783 0.102 5.275
Flavor: r-devel-linux-x86_64-debian-clang