Last updated on 2025-04-30 04:49:59 CEST.
Flavor | Version | Tinstall | Tcheck | Ttotal | Status | Flags |
---|---|---|---|---|---|---|
r-devel-linux-x86_64-debian-clang | 2.0.5 | 13.09 | 99.27 | 112.36 | NOTE | |
r-devel-linux-x86_64-debian-gcc | 2.0.5 | 9.20 | 73.60 | 82.80 | NOTE | |
r-devel-linux-x86_64-fedora-clang | 2.0.5 | 179.79 | OK | |||
r-devel-linux-x86_64-fedora-gcc | 2.0.5 | 181.50 | OK | |||
r-devel-windows-x86_64 | 2.0.5 | 16.00 | 113.00 | 129.00 | OK | |
r-patched-linux-x86_64 | 2.0.5 | 12.85 | 94.34 | 107.19 | OK | |
r-release-linux-x86_64 | 2.0.5 | 12.75 | 93.73 | 106.48 | OK | |
r-release-macos-arm64 | 2.0.5 | 48.00 | OK | |||
r-release-macos-x86_64 | 2.0.5 | 97.00 | OK | |||
r-release-windows-x86_64 | 2.0.5 | 17.00 | 114.00 | 131.00 | OK | |
r-oldrel-macos-arm64 | 2.0.5 | 48.00 | NOTE | |||
r-oldrel-macos-x86_64 | 2.0.5 | 107.00 | NOTE | |||
r-oldrel-windows-x86_64 | 2.0.5 | 17.00 | 141.00 | 158.00 | NOTE |
Version: 2.0.5
Check: CRAN incoming feasibility
Result: NOTE
Maintainer: ‘Antonio Profico <antonio.profico@gmail.com>’
No Authors@R field in DESCRIPTION.
Please add one, modifying
Authors@R: c(person(given = "Antonio",
family = "Profico",
role = c("aut", "cre"),
email = "antonio.profico@gmail.com"),
person(given = "Costantino",
family = "Buzi",
role = "aut"),
person(given = "Silvia",
family = "Castiglione",
role = "aut"),
person(given = "Marina",
family = "Melchionna",
role = "aut"),
person(given = "Paolo",
family = "Piras",
role = "aut"),
person(given = "Pasquale",
family = "Raia",
role = "aut"),
person(given = "Alessio",
family = "Veneziano",
role = "aut"))
as necessary.
Flavors: r-devel-linux-x86_64-debian-clang, r-devel-linux-x86_64-debian-gcc
Version: 2.0.5
Check: examples
Result: NOTE
Examples with CPU (user + system) or elapsed time > 5s
user system elapsed
dta 4.759 0.123 6.379
Flavor: r-devel-linux-x86_64-debian-clang
Version: 2.0.5
Check: installed package size
Result: NOTE
installed size is 5.4Mb
sub-directories of 1Mb or more:
data 5.1Mb
Flavors: r-oldrel-macos-arm64, r-oldrel-macos-x86_64, r-oldrel-windows-x86_64