CRAN Package Check Results for Package AsioHeaders

Last updated on 2025-04-30 04:49:59 CEST.

Flavor Version Tinstall Tcheck Ttotal Status Flags
r-devel-linux-x86_64-debian-clang 1.30.2-1 2.23 13.57 15.80 OK
r-devel-linux-x86_64-debian-gcc 1.30.2-1 1.58 11.19 12.77 OK
r-devel-linux-x86_64-fedora-clang 1.30.2-1 22.99 OK
r-devel-linux-x86_64-fedora-gcc 1.30.2-1 23.10 OK
r-devel-windows-x86_64 1.30.2-1 5.00 31.00 36.00 OK
r-patched-linux-x86_64 1.30.2-1 2.44 12.35 14.79 OK
r-release-linux-x86_64 1.30.2-1 2.06 12.28 14.34 OK
r-release-macos-arm64 1.30.2-1 16.00 OK
r-release-macos-x86_64 1.30.2-1 22.00 OK
r-release-windows-x86_64 1.30.2-1 10.00 35.00 45.00 OK
r-oldrel-macos-arm64 1.30.2-1 20.00 NOTE
r-oldrel-macos-x86_64 1.30.2-1 30.00 NOTE
r-oldrel-windows-x86_64 1.30.2-1 9.00 31.00 40.00 NOTE

Check Details

Version: 1.30.2-1
Check: installed package size
Result: NOTE installed size is 6.2Mb sub-directories of 1Mb or more: include 6.1Mb Flavors: r-oldrel-macos-arm64, r-oldrel-macos-x86_64, r-oldrel-windows-x86_64