CRAN Package Check Results for Package AssetPricing

Last updated on 2025-04-30 04:49:59 CEST.

Flavor Version Tinstall Tcheck Ttotal Status Flags
r-devel-linux-x86_64-debian-clang 1.0-3 3.66 36.39 40.05 NOTE
r-devel-linux-x86_64-debian-gcc 1.0-3 2.74 26.48 29.22 NOTE
r-devel-linux-x86_64-fedora-clang 1.0-3 61.22 NOTE
r-devel-linux-x86_64-fedora-gcc 1.0-3 64.77 NOTE
r-devel-windows-x86_64 1.0-3 5.00 55.00 60.00 NOTE
r-patched-linux-x86_64 1.0-3 3.98 34.18 38.16 NOTE
r-release-linux-x86_64 1.0-3 3.19 34.77 37.96 NOTE
r-release-macos-arm64 1.0-3 24.00 NOTE
r-release-macos-x86_64 1.0-3 38.00 NOTE
r-release-windows-x86_64 1.0-3 4.00 54.00 58.00 NOTE
r-oldrel-macos-arm64 1.0-3 24.00 NOTE
r-oldrel-macos-x86_64 1.0-3 31.00 NOTE
r-oldrel-windows-x86_64 1.0-3 4.00 60.00 64.00 NOTE

Check Details

Version: 1.0-3
Check: CRAN incoming feasibility
Result: NOTE Maintainer: ‘Rolf Turner <r.turner@auckland.ac.nz>’ No Authors@R field in DESCRIPTION. Please add one, modifying Authors@R: person(given = "Rolf", family = "Turner", role = c("aut", "cre"), email = "r.turner@auckland.ac.nz") as necessary. Package CITATION file contains call(s) to old-style personList() or as.personList(). Please use c() on person objects instead. Package CITATION file contains call(s) to old-style citEntry(). Please use bibentry() instead. Flavors: r-devel-linux-x86_64-debian-clang, r-devel-linux-x86_64-debian-gcc

Version: 1.0-3
Check: Rd files
Result: NOTE checkRd: (-1) plot.AssetPricing.Rd:199-200: Lost braces 199 | yakka. (Note that \code{flap} stands for dQuote{function list | ^ Flavors: r-devel-linux-x86_64-debian-clang, r-devel-linux-x86_64-debian-gcc, r-devel-linux-x86_64-fedora-clang, r-devel-linux-x86_64-fedora-gcc, r-devel-windows-x86_64, r-patched-linux-x86_64, r-release-linux-x86_64, r-release-macos-arm64, r-release-macos-x86_64, r-release-windows-x86_64, r-oldrel-macos-arm64, r-oldrel-macos-x86_64, r-oldrel-windows-x86_64

Version: 1.0-3
Check: examples
Result: NOTE Examples with CPU (user + system) or elapsed time > 5s user system elapsed xsolve 5.69 0.003 7.263 Flavor: r-devel-linux-x86_64-debian-clang