Last updated on 2025-04-30 04:49:59 CEST.
Flavor | Version | Tinstall | Tcheck | Ttotal | Status | Flags |
---|---|---|---|---|---|---|
r-devel-linux-x86_64-debian-clang | 0.1.6 | 19.24 | 160.42 | 179.66 | OK | |
r-devel-linux-x86_64-debian-gcc | 0.1.6 | 13.91 | 113.39 | 127.30 | OK | |
r-devel-linux-x86_64-fedora-clang | 0.1.6 | 302.74 | OK | |||
r-devel-linux-x86_64-fedora-gcc | 0.1.6 | 280.84 | OK | |||
r-devel-windows-x86_64 | 0.1.6 | 20.00 | 145.00 | 165.00 | OK | |
r-patched-linux-x86_64 | 0.1.6 | 18.71 | 147.50 | 166.21 | OK | |
r-release-linux-x86_64 | 0.1.6 | 15.83 | 149.65 | 165.48 | OK | |
r-release-macos-arm64 | 0.1.6 | 5.00 | ERROR | |||
r-release-macos-x86_64 | 0.1.6 | 173.00 | OK | |||
r-release-windows-x86_64 | 0.1.6 | 20.00 | 148.00 | 168.00 | OK | |
r-oldrel-macos-arm64 | 0.1.6 | 73.00 | OK | |||
r-oldrel-macos-x86_64 | 0.1.6 | 113.00 | OK | |||
r-oldrel-windows-x86_64 | 0.1.6 | 24.00 | 185.00 | 209.00 | OK |
Version: 0.1.6
Check: package dependencies
Result: ERROR
Package required but not available: ‘org.Hs.eg.db’
See section ‘The DESCRIPTION file’ in the ‘Writing R Extensions’
manual.
Flavor: r-release-macos-arm64