Last updated on 2025-04-30 04:49:59 CEST.
Flavor | Version | Tinstall | Tcheck | Ttotal | Status | Flags |
---|---|---|---|---|---|---|
r-devel-linux-x86_64-debian-clang | 1.0 | 21.55 | 274.38 | 295.93 | NOTE | |
r-devel-linux-x86_64-debian-gcc | 1.0 | 19.94 | 192.13 | 212.07 | NOTE | |
r-devel-linux-x86_64-fedora-clang | 1.0 | 490.33 | OK | |||
r-devel-linux-x86_64-fedora-gcc | 1.0 | 486.86 | OK | |||
r-devel-windows-x86_64 | 1.0 | 24.00 | 267.00 | 291.00 | OK | |
r-patched-linux-x86_64 | 1.0 | 21.93 | 253.35 | 275.28 | OK | |
r-release-linux-x86_64 | 1.0 | 21.63 | 254.59 | 276.22 | OK | |
r-release-macos-arm64 | 1.0 | 140.00 | OK | |||
r-release-macos-x86_64 | 1.0 | 273.00 | OK | |||
r-release-windows-x86_64 | 1.0 | 23.00 | 259.00 | 282.00 | OK | |
r-oldrel-macos-arm64 | 1.0 | 121.00 | OK | |||
r-oldrel-macos-x86_64 | 1.0 | 172.00 | OK | |||
r-oldrel-windows-x86_64 | 1.0 | 23.00 | 346.00 | 369.00 | OK |
Version: 1.0
Check: examples
Result: NOTE
Examples with CPU (user + system) or elapsed time > 5s
user system elapsed
postStr_wt 4.918 0.072 6.315
uwt 4.799 0.046 5.823
rake_wt 4.685 0.006 5.770
simulate 4.470 0.043 5.981
Flavor: r-devel-linux-x86_64-debian-clang
Version: 1.0
Check: examples
Result: NOTE
Examples with CPU (user + system) or elapsed time > 5s
user system elapsed
postStr_wt 3.596 0.154 5.297
Flavor: r-devel-linux-x86_64-debian-gcc